Last updated on 2022-05-19 04:51:00 CEST.
Flavor | Version | Tinstall | Tcheck | Ttotal | Status | Flags |
---|---|---|---|---|---|---|
r-devel-linux-x86_64-debian-clang | 1.0.0 | 3.08 | 43.32 | 46.40 | OK | |
r-devel-linux-x86_64-debian-gcc | 1.0.0 | 1.90 | 32.83 | 34.73 | OK | |
r-devel-linux-x86_64-fedora-clang | 1.0.0 | 55.01 | NOTE | |||
r-devel-linux-x86_64-fedora-gcc | 1.0.0 | 53.28 | NOTE | |||
r-devel-windows-x86_64 | 1.0.0 | 15.00 | 64.00 | 79.00 | OK | |
r-patched-linux-x86_64 | 1.0.0 | 2.77 | 40.88 | 43.65 | OK | |
r-release-linux-x86_64 | 1.0.0 | 3.19 | 41.12 | 44.31 | OK | |
r-release-macos-arm64 | 1.0.0 | 19.00 | NOTE | |||
r-release-macos-x86_64 | 1.0.0 | 35.00 | NOTE | |||
r-release-windows-x86_64 | 1.0.0 | 13.00 | 66.00 | 79.00 | OK | |
r-oldrel-macos-arm64 | 1.0.0 | 20.00 | NOTE | |||
r-oldrel-macos-x86_64 | 1.0.0 | 33.00 | NOTE | |||
r-oldrel-windows-ix86+x86_64 | 1.0.0 | 8.00 | 53.00 | 61.00 | OK |
Version: 1.0.0
Check: dependencies in R code
Result: NOTE
Namespace in Imports field not imported from: ‘lmtest’
All declared Imports should be used.
Flavors: r-devel-linux-x86_64-fedora-clang, r-devel-linux-x86_64-fedora-gcc, r-release-macos-arm64, r-release-macos-x86_64, r-oldrel-macos-arm64, r-oldrel-macos-x86_64