CRAN Package Check Results for Package centerline

Last updated on 2025-01-25 15:49:07 CET.

Flavor Version Tinstall Tcheck Ttotal Status Flags
r-devel-linux-x86_64-debian-clang 0.1 2.50 81.70 84.20 NOTE
r-devel-linux-x86_64-debian-gcc 0.1 1.79 55.52 57.31 NOTE
r-devel-linux-x86_64-fedora-clang 0.1 135.90 OK
r-devel-linux-x86_64-fedora-gcc 0.1 137.15 NOTE
r-devel-windows-x86_64 0.1 3.00 101.00 104.00 OK
r-patched-linux-x86_64 0.1 2.28 78.21 80.49 OK
r-release-linux-x86_64 0.1 2.40 76.76 79.16 OK
r-release-macos-arm64 0.1 38.00 OK
r-release-macos-x86_64 0.1 68.00 OK
r-release-windows-x86_64 0.1 3.00 104.00 107.00 OK
r-oldrel-macos-arm64 0.1 45.00 OK
r-oldrel-macos-x86_64 0.1 70.00 OK
r-oldrel-windows-x86_64 0.1 5.00 123.00 128.00 OK

Check Details

Version: 0.1
Check: DESCRIPTION meta-information
Result: NOTE Missing dependency on R >= 4.1.0 because package code uses the pipe |> or function shorthand \(...) syntax added in R 4.1.0. File(s) using such syntax: ‘cnt_path.R’ ‘cnt_path_guess.R’ ‘cnt_skeleton.R’ ‘utils.R’ Flavors: r-devel-linux-x86_64-debian-clang, r-devel-linux-x86_64-debian-gcc, r-devel-linux-x86_64-fedora-gcc