CRAN Package Check Results for Package ccmReportR

Last updated on 2022-06-25 15:51:16 CEST.

Flavor Version Tinstall Tcheck Ttotal Status Flags
r-devel-linux-x86_64-debian-clang 0.1.0 2.88 29.21 32.09 NOTE
r-devel-linux-x86_64-debian-gcc 0.1.0 2.65 23.19 25.84 NOTE
r-devel-linux-x86_64-fedora-clang 0.1.0 50.02 NOTE
r-devel-linux-x86_64-fedora-gcc 0.1.0 49.62 NOTE
r-devel-windows-x86_64 0.1.0 21.00 54.00 75.00 NOTE
r-patched-linux-x86_64 0.1.0 2.69 28.69 31.38 NOTE
r-release-linux-x86_64 0.1.0 2.86 27.96 30.82 NOTE
r-release-macos-arm64 0.1.0 18.00 NOTE
r-release-macos-x86_64 0.1.0 29.00 NOTE
r-release-windows-x86_64 0.1.0 25.00 52.00 77.00 NOTE
r-oldrel-macos-arm64 0.1.0 22.00 NOTE
r-oldrel-macos-x86_64 0.1.0 27.00 NOTE
r-oldrel-windows-ix86+x86_64 0.1.0 8.00 45.00 53.00 NOTE

Check Details

Version: 0.1.0
Check: LazyData
Result: NOTE
     'LazyData' is specified without a 'data' directory
Flavors: r-devel-linux-x86_64-debian-clang, r-devel-linux-x86_64-debian-gcc, r-devel-linux-x86_64-fedora-clang, r-devel-linux-x86_64-fedora-gcc, r-devel-windows-x86_64, r-patched-linux-x86_64, r-release-linux-x86_64, r-release-macos-arm64, r-release-macos-x86_64, r-release-windows-x86_64, r-oldrel-macos-arm64, r-oldrel-macos-x86_64, r-oldrel-windows-ix86+x86_64