CRAN Package Check Results for Package cbsodataR

Last updated on 2022-01-29 03:59:16 CET.

Flavor Version Tinstall Tcheck Ttotal Status Flags
r-devel-linux-x86_64-debian-clang 0.5.1 3.07 44.52 47.59 OK
r-devel-linux-x86_64-debian-gcc 0.5.1 1.83 35.07 36.90 OK
r-devel-linux-x86_64-fedora-clang 0.5.1 59.80 OK
r-devel-linux-x86_64-fedora-gcc 0.5.1 48.83 OK
r-devel-windows-x86_64-new-UL 0.5.1 101.00 77.00 178.00 OK
r-devel-windows-x86_64-new-TK 0.5.1 OK
r-patched-linux-x86_64 0.5.1 4.18 42.25 46.43 OK
r-release-linux-x86_64 0.5.1 2.84 44.22 47.06 OK
r-release-macos-arm64 0.5.1 OK
r-release-macos-x86_64 0.5.1 OK
r-release-windows-ix86+x86_64 0.5.1 8.00 54.00 62.00 ERROR
r-oldrel-macos-x86_64 0.5.1 OK
r-oldrel-windows-ix86+x86_64 0.5.1 8.00 52.00 60.00 ERROR

Check Details

Version: 0.5.1
Check: examples
Result: ERROR
    Running examples in 'cbsodataR-Ex.R' failed
    The error most likely occurred in:
    
    > ### Name: cbs_get_catalogs
    > ### Title: Retrieves the possible catalog values that can be used for
    > ### retrieving data
    > ### Aliases: cbs_get_catalogs
    >
    > ### ** Examples
    >
    > catalogs <- cbs_get_catalogs()
    Warning in open.connection(con, "rb") :
     InternetOpenUrl failed: 'Die Serververbindung konnte nicht hergestellt werden.'
    Warning: Failing: http://opendata.cbs.nl/ODataCatalog/Tables?$format=json
    Retrying...
    Warning in open.connection(con, "rb") :
     InternetOpenUrl failed: 'Die Serververbindung konnte nicht hergestellt werden.'
    Error in open.connection(con, "rb") : cannot open the connection
    Calls: cbs_get_catalogs ... parse_and_simplify -> parseJSON -> parse_con -> open -> open.connection
    Execution halted
Flavors: r-release-windows-ix86+x86_64, r-oldrel-windows-ix86+x86_64