CRAN Package Check Results for Package catenary

Last updated on 2022-05-21 04:59:05 CEST.

Flavor Version Tinstall Tcheck Ttotal Status Flags
r-devel-linux-x86_64-debian-clang 1.1.2 3.62 73.26 76.88 OK
r-devel-linux-x86_64-debian-gcc 1.1.2 2.58 54.64 57.22 OK
r-devel-linux-x86_64-fedora-clang 1.1.2 91.18 NOTE
r-devel-linux-x86_64-fedora-gcc 1.1.2 89.73 NOTE
r-devel-windows-x86_64 1.1.2 34.00 93.00 127.00 OK
r-patched-linux-x86_64 1.1.2 2.33 69.11 71.44 OK
r-release-linux-x86_64 1.1.2 2.04 68.71 70.75 OK
r-release-macos-arm64 1.1.2 31.00 NOTE
r-release-macos-x86_64 1.1.2 47.00 NOTE
r-release-windows-x86_64 1.1.2 33.00 96.00 129.00 OK
r-oldrel-macos-arm64 1.1.2 36.00 NOTE
r-oldrel-macos-x86_64 1.1.2 53.00 NOTE
r-oldrel-windows-ix86+x86_64 1.1.2 9.00 87.00 96.00 OK

Check Details

Version: 1.1.2
Check: dependencies in R code
Result: NOTE
    Namespace in Imports field not imported from: ‘tidyverse’
     All declared Imports should be used.
Flavors: r-devel-linux-x86_64-fedora-clang, r-devel-linux-x86_64-fedora-gcc, r-release-macos-arm64, r-release-macos-x86_64, r-oldrel-macos-arm64, r-oldrel-macos-x86_64