CRAN Package Check Results for Package casen

Last updated on 2022-05-20 15:52:03 CEST.

Flavor Version Tinstall Tcheck Ttotal Status Flags
r-devel-linux-x86_64-debian-clang 0.1.4 10.31 171.42 181.73 OK
r-devel-linux-x86_64-debian-gcc 0.1.4 8.62 125.42 134.04 OK
r-devel-linux-x86_64-fedora-clang 0.1.4 212.43 NOTE
r-devel-linux-x86_64-fedora-gcc 0.1.4 207.37 NOTE
r-devel-windows-x86_64 0.1.4 23.00 188.00 211.00 OK
r-patched-linux-x86_64 0.1.4 11.52 160.37 171.89 OK
r-release-linux-x86_64 0.1.4 8.30 161.51 169.81 OK
r-release-macos-arm64 0.1.4 53.00 NOTE
r-release-macos-x86_64 0.1.4 97.00 NOTE
r-release-windows-x86_64 0.1.4 22.00 185.00 207.00 OK
r-oldrel-macos-arm64 0.1.4 59.00 NOTE
r-oldrel-macos-x86_64 0.1.4 110.00 NOTE
r-oldrel-windows-ix86+x86_64 0.1.4 26.00 182.00 208.00 OK

Check Details

Version: 0.1.4
Check: dependencies in R code
Result: NOTE
    Namespaces in Imports field not imported from:
     ‘janitor’ ‘tibble’
     All declared Imports should be used.
Flavors: r-devel-linux-x86_64-fedora-clang, r-devel-linux-x86_64-fedora-gcc, r-release-macos-arm64, r-release-macos-x86_64, r-oldrel-macos-arm64, r-oldrel-macos-x86_64

Version: 0.1.4
Check: data for non-ASCII characters
Result: NOTE
     Note: found 75 marked UTF-8 strings
Flavors: r-devel-linux-x86_64-fedora-clang, r-devel-linux-x86_64-fedora-gcc, r-release-macos-arm64, r-release-macos-x86_64, r-oldrel-macos-arm64, r-oldrel-macos-x86_64