Last updated on 2022-05-24 15:52:42 CEST.
Flavor | Version | Tinstall | Tcheck | Ttotal | Status | Flags |
---|---|---|---|---|---|---|
r-devel-linux-x86_64-debian-clang | 0.10.1 | 16.19 | 379.44 | 395.63 | OK | |
r-devel-linux-x86_64-debian-gcc | 0.10.1 | 11.74 | 273.18 | 284.92 | OK | |
r-devel-linux-x86_64-fedora-clang | 0.10.1 | 445.90 | NOTE | |||
r-devel-linux-x86_64-fedora-gcc | 0.10.1 | 447.90 | OK | |||
r-devel-windows-x86_64 | 0.10.1 | 42.00 | 395.00 | 437.00 | NOTE | |
r-patched-linux-x86_64 | 0.10.1 | 17.86 | 352.26 | 370.12 | OK | |
r-release-linux-x86_64 | 0.10.1 | OK | ||||
r-release-macos-arm64 | 0.10.1 | 140.00 | NOTE | |||
r-release-macos-x86_64 | 0.10.1 | 285.00 | NOTE | |||
r-release-windows-x86_64 | 0.10.1 | 43.00 | 397.00 | 440.00 | NOTE | |
r-oldrel-macos-arm64 | 0.10.1 | 168.00 | NOTE | |||
r-oldrel-macos-x86_64 | 0.10.1 | 195.00 | NOTE | |||
r-oldrel-windows-ix86+x86_64 | 0.10.1 | 33.00 | 418.00 | 451.00 | NOTE |
Version: 0.10.1
Check: installed package size
Result: NOTE
installed size is 6.5Mb
sub-directories of 1Mb or more:
doc 5.2Mb
Flavors: r-devel-linux-x86_64-fedora-clang, r-devel-windows-x86_64, r-release-macos-arm64, r-release-macos-x86_64, r-release-windows-x86_64, r-oldrel-macos-arm64, r-oldrel-macos-x86_64, r-oldrel-windows-ix86+x86_64