Last updated on 2022-07-01 03:53:45 CEST.
Flavor | Version | Tinstall | Tcheck | Ttotal | Status | Flags |
---|---|---|---|---|---|---|
r-devel-linux-x86_64-debian-clang | 3.0.1 | 24.99 | 281.06 | 306.05 | OK | |
r-devel-linux-x86_64-debian-gcc | 3.0.1 | 21.32 | 205.57 | 226.89 | OK | |
r-devel-linux-x86_64-fedora-clang | 3.0.1 | 360.03 | OK | |||
r-devel-linux-x86_64-fedora-gcc | 3.0.1 | 369.22 | OK | |||
r-devel-windows-x86_64 | 3.0.1 | 90.00 | 362.00 | 452.00 | OK | |
r-patched-linux-x86_64 | 3.0.1 | 26.86 | 269.79 | 296.65 | OK | |
r-release-linux-x86_64 | 3.0.1 | 22.79 | 260.69 | 283.48 | OK | |
r-release-macos-arm64 | 3.0.1 | 90.00 | OK | |||
r-release-macos-x86_64 | 3.0.1 | 157.00 | OK | |||
r-release-windows-x86_64 | 3.0.1 | 103.00 | 339.00 | 442.00 | OK | |
r-oldrel-macos-arm64 | 3.0.1 | 137.00 | OK | |||
r-oldrel-macos-x86_64 | 3.0.1 | 138.00 | OK | |||
r-oldrel-windows-ix86+x86_64 | 3.0.1 | 61.00 | 616.00 | 677.00 | NOTE |
Version: 3.0.1
Check: installed package size
Result: NOTE
installed size is 5.3Mb
sub-directories of 1Mb or more:
data 1.2Mb
doc 1.1Mb
libs 2.0Mb
Flavor: r-oldrel-windows-ix86+x86_64