CRAN Package Check Results for Package carrier

Last updated on 2022-09-28 15:49:50 CEST.

Flavor Version Tinstall Tcheck Ttotal Status Flags
r-devel-linux-x86_64-debian-clang 0.1.0 2.61 30.15 32.76 NOTE
r-devel-linux-x86_64-debian-gcc 0.1.0 2.01 23.94 25.95 NOTE
r-devel-linux-x86_64-fedora-clang 0.1.0 51.31 NOTE
r-devel-linux-x86_64-fedora-gcc 0.1.0 49.27 NOTE
r-devel-windows-x86_64 0.1.0 11.00 56.00 67.00 NOTE
r-patched-linux-x86_64 0.1.0 2.41 29.80 32.21 NOTE
r-release-linux-x86_64 0.1.0 2.51 29.02 31.53 NOTE
r-release-macos-arm64 0.1.0 18.00 NOTE
r-release-macos-x86_64 0.1.0 25.00 NOTE
r-release-windows-x86_64 0.1.0 5.00 54.00 59.00 NOTE
r-oldrel-macos-arm64 0.1.0 22.00 NOTE
r-oldrel-macos-x86_64 0.1.0 31.00 NOTE
r-oldrel-windows-ix86+x86_64 0.1.0 6.00 51.00 57.00 NOTE

Check Details

Version: 0.1.0
Check: LazyData
Result: NOTE
     'LazyData' is specified without a 'data' directory
Flavors: r-devel-linux-x86_64-debian-clang, r-devel-linux-x86_64-debian-gcc, r-devel-linux-x86_64-fedora-clang, r-devel-linux-x86_64-fedora-gcc, r-devel-windows-x86_64, r-patched-linux-x86_64, r-release-linux-x86_64, r-release-macos-arm64, r-release-macos-x86_64, r-release-windows-x86_64, r-oldrel-macos-arm64, r-oldrel-macos-x86_64, r-oldrel-windows-ix86+x86_64