CRAN Package Check Results for Package capitalR

Last updated on 2022-06-29 15:49:49 CEST.

Flavor Version Tinstall Tcheck Ttotal Status Flags
r-devel-linux-x86_64-debian-clang 1.3.0 2.68 23.67 26.35 NOTE
r-devel-linux-x86_64-debian-gcc 1.3.0 1.98 18.76 20.74 NOTE
r-devel-linux-x86_64-fedora-clang 1.3.0 43.18 NOTE
r-devel-linux-x86_64-fedora-gcc 1.3.0 42.18 NOTE
r-devel-windows-x86_64 1.3.0 18.00 55.00 73.00 NOTE
r-patched-linux-x86_64 1.3.0 2.87 23.88 26.75 NOTE
r-release-linux-x86_64 1.3.0 2.59 23.62 26.21 NOTE
r-release-macos-arm64 1.3.0 15.00 NOTE
r-release-macos-x86_64 1.3.0 22.00 NOTE
r-release-windows-x86_64 1.3.0 17.00 53.00 70.00 NOTE
r-oldrel-macos-arm64 1.3.0 22.00 NOTE
r-oldrel-macos-x86_64 1.3.0 27.00 NOTE
r-oldrel-windows-ix86+x86_64 1.3.0 6.00 45.00 51.00 NOTE

Check Details

Version: 1.3.0
Check: LazyData
Result: NOTE
     'LazyData' is specified without a 'data' directory
Flavors: r-devel-linux-x86_64-debian-clang, r-devel-linux-x86_64-debian-gcc, r-devel-linux-x86_64-fedora-clang, r-devel-linux-x86_64-fedora-gcc, r-devel-windows-x86_64, r-patched-linux-x86_64, r-release-linux-x86_64, r-release-macos-arm64, r-release-macos-x86_64, r-release-windows-x86_64, r-oldrel-macos-arm64, r-oldrel-macos-x86_64, r-oldrel-windows-ix86+x86_64