Last updated on 2022-05-21 04:59:05 CEST.
Flavor | Version | Tinstall | Tcheck | Ttotal | Status | Flags |
---|---|---|---|---|---|---|
r-devel-linux-x86_64-debian-clang | 1.1 | 7.88 | 82.65 | 90.53 | NOTE | |
r-devel-linux-x86_64-debian-gcc | 1.1 | 6.54 | 60.40 | 66.94 | NOTE | |
r-devel-linux-x86_64-fedora-clang | 1.1 | 107.92 | NOTE | |||
r-devel-linux-x86_64-fedora-gcc | 1.1 | 101.94 | NOTE | |||
r-devel-windows-x86_64 | 1.1 | 14.00 | 90.00 | 104.00 | NOTE | |
r-patched-linux-x86_64 | 1.1 | 8.77 | 76.32 | 85.09 | NOTE | |
r-release-linux-x86_64 | 1.1 | 7.05 | 77.09 | 84.14 | NOTE | |
r-release-macos-arm64 | 1.1 | 30.00 | NOTE | |||
r-release-macos-x86_64 | 1.1 | 60.00 | NOTE | |||
r-release-windows-x86_64 | 1.1 | 15.00 | 92.00 | 107.00 | NOTE | |
r-oldrel-macos-arm64 | 1.1 | 32.00 | NOTE | |||
r-oldrel-macos-x86_64 | 1.1 | 43.00 | NOTE | |||
r-oldrel-windows-ix86+x86_64 | 1.1 | 20.00 | 89.00 | 109.00 | NOTE |
Version: 1.1
Check: LazyData
Result: NOTE
'LazyData' is specified without a 'data' directory
Flavors: r-devel-linux-x86_64-debian-clang, r-devel-linux-x86_64-debian-gcc, r-devel-linux-x86_64-fedora-clang, r-devel-linux-x86_64-fedora-gcc, r-devel-windows-x86_64, r-patched-linux-x86_64, r-release-linux-x86_64, r-release-macos-arm64, r-release-macos-x86_64, r-release-windows-x86_64, r-oldrel-macos-arm64, r-oldrel-macos-x86_64, r-oldrel-windows-ix86+x86_64