CRAN Package Check Results for Package cIRT

Last updated on 2022-06-30 03:53:19 CEST.

Flavor Version Tinstall Tcheck Ttotal Status Flags
r-devel-linux-x86_64-debian-clang 1.3.2 91.06 548.06 639.12 OK
r-devel-linux-x86_64-debian-gcc 1.3.2 67.34 350.46 417.80 OK
r-devel-linux-x86_64-fedora-clang 1.3.2 698.83 OK
r-devel-linux-x86_64-fedora-gcc 1.3.2 622.86 OK
r-devel-windows-x86_64 1.3.2 72.00 432.00 504.00 OK
r-patched-linux-x86_64 1.3.2 70.35 449.05 519.40 OK
r-release-linux-x86_64 1.3.2 66.92 448.77 515.69 OK
r-release-macos-arm64 1.3.2 239.00 NOTE
r-release-macos-x86_64 1.3.2 225.00 OK
r-release-windows-x86_64 1.3.2 74.00 440.00 514.00 OK
r-oldrel-macos-arm64 1.3.2 221.00 NOTE
r-oldrel-macos-x86_64 1.3.2 228.00 OK
r-oldrel-windows-ix86+x86_64 1.3.2 207.00 489.00 696.00 OK

Check Details

Version: 1.3.2
Check: installed package size
Result: NOTE
     installed size is 5.1Mb
     sub-directories of 1Mb or more:
     libs 4.9Mb
Flavors: r-release-macos-arm64, r-oldrel-macos-arm64