CRAN Package Check Results for Package bysykkel

Last updated on 2022-06-26 15:52:54 CEST.

Flavor Version Tinstall Tcheck Ttotal Status Flags
r-devel-linux-x86_64-debian-clang 0.3.1 5.47 51.54 57.01 NOTE
r-devel-linux-x86_64-debian-gcc 0.3.1 5.17 38.06 43.23 NOTE
r-devel-linux-x86_64-fedora-clang 0.3.1 76.35 NOTE
r-devel-linux-x86_64-fedora-gcc 0.3.1 76.69 NOTE
r-devel-windows-x86_64 0.3.1 18.00 70.00 88.00 NOTE
r-patched-linux-x86_64 0.3.1 4.48 47.86 52.34 NOTE
r-release-linux-x86_64 0.3.1 5.00 48.23 53.23 NOTE
r-release-macos-arm64 0.3.1 24.00 NOTE
r-release-macos-x86_64 0.3.1 33.00 NOTE
r-release-windows-x86_64 0.3.1 17.00 81.00 98.00 NOTE
r-oldrel-macos-arm64 0.3.1 35.00 NOTE
r-oldrel-macos-x86_64 0.3.1 39.00 NOTE
r-oldrel-windows-ix86+x86_64 0.3.1 14.00 67.00 81.00 NOTE

Check Details

Version: 0.3.1
Check: LazyData
Result: NOTE
     'LazyData' is specified without a 'data' directory
Flavors: r-devel-linux-x86_64-debian-clang, r-devel-linux-x86_64-debian-gcc, r-devel-linux-x86_64-fedora-clang, r-devel-linux-x86_64-fedora-gcc, r-devel-windows-x86_64, r-patched-linux-x86_64, r-release-linux-x86_64, r-release-macos-arm64, r-release-macos-x86_64, r-release-windows-x86_64, r-oldrel-macos-arm64, r-oldrel-macos-x86_64, r-oldrel-windows-ix86+x86_64