CRAN Package Check Results for Package btergm

Last updated on 2022-06-29 03:52:35 CEST.

Flavor Version Tinstall Tcheck Ttotal Status Flags
r-devel-linux-x86_64-debian-clang 1.10.6 19.44 203.18 222.62 OK
r-devel-linux-x86_64-debian-gcc 1.10.6 14.02 149.46 163.48 OK
r-devel-linux-x86_64-fedora-clang 1.10.6 268.19 WARN
r-devel-linux-x86_64-fedora-gcc 1.10.6 269.95 WARN
r-devel-windows-x86_64 1.10.6 36.00 217.00 253.00 OK
r-patched-linux-x86_64 1.10.6 18.09 189.36 207.45 OK
r-release-linux-x86_64 1.10.6 18.30 190.01 208.31 OK
r-release-macos-arm64 1.10.6 58.00 OK
r-release-macos-x86_64 1.10.6 93.00 OK
r-release-windows-x86_64 1.10.6 40.00 212.00 252.00 OK
r-oldrel-macos-arm64 1.10.6 58.00 OK
r-oldrel-macos-x86_64 1.10.6 87.00 OK
r-oldrel-windows-ix86+x86_64 1.10.6 41.00 217.00 258.00 OK

Check Details

Version: 1.10.6
Check: package dependencies
Result: WARN
    Requires (indirectly) orphaned package: ‘gtools’
Flavors: r-devel-linux-x86_64-fedora-clang, r-devel-linux-x86_64-fedora-gcc