Last updated on 2023-09-21 15:54:24 CEST.
Flavor | Version | Tinstall | Tcheck | Ttotal | Status | Flags |
---|---|---|---|---|---|---|
r-devel-linux-x86_64-debian-clang | 0.5.1 | 9.83 | 135.17 | 145.00 | OK | |
r-devel-linux-x86_64-debian-gcc | 0.5.1 | 7.72 | 97.02 | 104.74 | OK | |
r-devel-linux-x86_64-fedora-clang | 0.5.1 | 169.55 | NOTE | |||
r-devel-linux-x86_64-fedora-gcc | 0.5.1 | 175.51 | OK | |||
r-devel-windows-x86_64 | 0.5.1 | 13.00 | 128.00 | 141.00 | NOTE | |
r-patched-linux-x86_64 | 0.5.1 | 16.87 | 130.80 | 147.67 | OK | |
r-release-linux-x86_64 | 0.5.1 | 8.46 | 133.17 | 141.63 | OK | |
r-release-macos-arm64 | 0.5.1 | 54.00 | NOTE | |||
r-release-macos-x86_64 | 0.5.1 | 103.00 | NOTE | |||
r-release-windows-x86_64 | 0.5.1 | 16.00 | 148.00 | 164.00 | NOTE | |
r-oldrel-macos-arm64 | 0.5.1 | 58.00 | NOTE | |||
r-oldrel-macos-x86_64 | 0.5.1 | 83.00 | NOTE | |||
r-oldrel-windows-x86_64 | 0.5.1 | 18.00 | 143.00 | 161.00 | NOTE |
Version: 0.5.1
Check: installed package size
Result: NOTE
installed size is 12.0Mb
sub-directories of 1Mb or more:
fonts 3.7Mb
lib 5.3Mb
Flavors: r-devel-linux-x86_64-fedora-clang, r-devel-windows-x86_64, r-release-macos-arm64, r-release-macos-x86_64, r-release-windows-x86_64, r-oldrel-macos-arm64, r-oldrel-macos-x86_64, r-oldrel-windows-x86_64