CRAN Package Check Results for Package brotli

Last updated on 2022-08-08 15:54:10 CEST.

Flavor Version Tinstall Tcheck Ttotal Status Flags
r-devel-linux-x86_64-debian-clang 1.2 45.52 41.37 86.89 OK
r-devel-linux-x86_64-debian-gcc 1.2 30.38 32.84 63.22 OK
r-devel-linux-x86_64-fedora-clang 1.2 112.29 NOTE
r-devel-linux-x86_64-fedora-gcc 1.2 103.58 OK
r-devel-windows-x86_64 1.2 50.00 69.00 119.00 OK
r-patched-linux-x86_64 1.2 34.87 40.63 75.50 OK
r-release-linux-x86_64 1.2 OK
r-release-macos-arm64 1.2 34.00 OK
r-release-macos-x86_64 1.2 52.00 OK
r-release-windows-x86_64 1.2 48.00 71.00 119.00 OK
r-oldrel-macos-arm64 1.2 38.00 OK
r-oldrel-macos-x86_64 1.2 62.00 OK
r-oldrel-windows-ix86+x86_64 1.2 80.00 68.00 148.00 OK

Check Details

Version: 1.2
Check: installed package size
Result: NOTE
     installed size is 5.1Mb
     sub-directories of 1Mb or more:
     bin 2.0Mb
     doc 1.1Mb
     libs 1.9Mb
Flavor: r-devel-linux-x86_64-fedora-clang