Last updated on 2022-06-28 03:51:27 CEST.
Flavor | Version | Tinstall | Tcheck | Ttotal | Status | Flags |
---|---|---|---|---|---|---|
r-devel-linux-x86_64-debian-clang | 2.2 | 33.59 | 101.83 | 135.42 | WARN | |
r-devel-linux-x86_64-debian-gcc | 2.2 | 26.44 | 71.10 | 97.54 | OK | |
r-devel-linux-x86_64-fedora-clang | 2.2 | 179.93 | WARN | |||
r-devel-linux-x86_64-fedora-gcc | 2.2 | 169.55 | OK | |||
r-devel-windows-x86_64 | 2.2 | 47.00 | 142.00 | 189.00 | OK | |
r-patched-linux-x86_64 | 2.2 | 28.47 | 96.14 | 124.61 | OK | |
r-release-linux-x86_64 | 2.2 | 32.15 | 95.24 | 127.39 | OK | |
r-release-macos-arm64 | 2.2 | 43.00 | OK | |||
r-release-macos-x86_64 | 2.2 | 80.00 | OK | |||
r-release-windows-x86_64 | 2.2 | 50.00 | 145.00 | 195.00 | OK | |
r-oldrel-macos-arm64 | 2.2 | 51.00 | OK | |||
r-oldrel-macos-x86_64 | 2.2 | 57.00 | OK | |||
r-oldrel-windows-ix86+x86_64 | 2.2 | 84.00 | 173.00 | 257.00 | OK |
Version: 2.2
Check: whether package can be installed
Result: WARN
Found the following significant warnings:
exhaust_bic.cpp:269:6: warning: use of bitwise '&' with boolean operands [-Wbitwise-instead-of-logical]
exhaust_bic.cpp:290:9: warning: use of bitwise '&' with boolean operands [-Wbitwise-instead-of-logical]
Flavors: r-devel-linux-x86_64-debian-clang, r-devel-linux-x86_64-fedora-clang