Last updated on 2022-06-28 03:51:27 CEST.
Flavor | Version | Tinstall | Tcheck | Ttotal | Status | Flags |
---|---|---|---|---|---|---|
r-devel-linux-x86_64-debian-clang | 1.2.0 | 5.56 | 69.46 | 75.02 | OK | |
r-devel-linux-x86_64-debian-gcc | 1.2.0 | 3.94 | 54.81 | 58.75 | OK | |
r-devel-linux-x86_64-fedora-clang | 1.2.0 | 99.96 | OK | |||
r-devel-linux-x86_64-fedora-gcc | 1.2.0 | 99.59 | OK | |||
r-devel-windows-x86_64 | 1.2.0 | 19.00 | 104.00 | 123.00 | OK | |
r-patched-linux-x86_64 | 1.2.0 | 4.09 | 68.40 | 72.49 | OK | |
r-release-linux-x86_64 | 1.2.0 | 4.51 | 68.99 | 73.50 | OK | |
r-release-macos-arm64 | 1.2.0 | 29.00 | NOTE | |||
r-release-macos-x86_64 | 1.2.0 | 43.00 | NOTE | |||
r-release-windows-x86_64 | 1.2.0 | 24.00 | 116.00 | 140.00 | OK | |
r-oldrel-macos-arm64 | 1.2.0 | 37.00 | NOTE | |||
r-oldrel-macos-x86_64 | 1.2.0 | 46.00 | NOTE | |||
r-oldrel-windows-ix86+x86_64 | 1.2.0 | 9.00 | 97.00 | 106.00 | OK |
Version: 1.2.0
Check: package dependencies
Result: NOTE
Package suggested but not available for checking: ‘sangerseqR’
Flavors: r-release-macos-arm64, r-release-macos-x86_64, r-oldrel-macos-arm64, r-oldrel-macos-x86_64