Last updated on 2022-06-25 15:51:16 CEST.
Flavor | Version | Tinstall | Tcheck | Ttotal | Status | Flags |
---|---|---|---|---|---|---|
r-devel-linux-x86_64-debian-clang | 0.1.1 | 8.42 | 43.79 | 52.21 | OK | |
r-devel-linux-x86_64-debian-gcc | 0.1.1 | 8.53 | 33.89 | 42.42 | OK | |
r-devel-linux-x86_64-fedora-clang | 0.1.1 | 73.04 | NOTE | |||
r-devel-linux-x86_64-fedora-gcc | 0.1.1 | 74.08 | OK | |||
r-devel-windows-x86_64 | 0.1.1 | 33.00 | 73.00 | 106.00 | NOTE | |
r-patched-linux-x86_64 | 0.1.1 | 10.00 | 41.99 | 51.99 | OK | |
r-release-linux-x86_64 | 0.1.1 | 7.91 | 42.11 | 50.02 | OK | |
r-release-macos-arm64 | 0.1.1 | 27.00 | NOTE | |||
r-release-macos-x86_64 | 0.1.1 | 40.00 | NOTE | |||
r-release-windows-x86_64 | 0.1.1 | 31.00 | 80.00 | 111.00 | NOTE | |
r-oldrel-macos-arm64 | 0.1.1 | 33.00 | NOTE | |||
r-oldrel-macos-x86_64 | 0.1.1 | 55.00 | NOTE | |||
r-oldrel-windows-ix86+x86_64 | 0.1.1 | 15.00 | 60.00 | 75.00 | NOTE |
Version: 0.1.1
Check: installed package size
Result: NOTE
installed size is 7.2Mb
sub-directories of 1Mb or more:
data 7.0Mb
Flavors: r-devel-linux-x86_64-fedora-clang, r-devel-windows-x86_64, r-release-macos-arm64, r-release-macos-x86_64, r-release-windows-x86_64, r-oldrel-macos-arm64, r-oldrel-macos-x86_64, r-oldrel-windows-ix86+x86_64