CRAN Package Check Results for Package bodenmiller

Last updated on 2024-05-19 15:50:42 CEST.

Flavor Version Tinstall Tcheck Ttotal Status Flags
r-devel-linux-x86_64-debian-clang 0.1.1 9.76 46.81 56.57 NOTE
r-devel-linux-x86_64-debian-gcc 0.1.1 8.38 36.95 45.33 NOTE
r-devel-linux-x86_64-fedora-clang 0.1.1 79.66 NOTE
r-devel-linux-x86_64-fedora-gcc 0.1.1 87.62 NOTE
r-devel-windows-x86_64 0.1.1 9.00 57.00 66.00 NOTE
r-patched-linux-x86_64 0.1.1 9.28 44.87 54.15 NOTE
r-release-linux-x86_64 0.1.1 8.89 45.72 54.61 NOTE
r-release-macos-arm64 0.1.1 34.00 NOTE
r-release-windows-x86_64 0.1.1 9.00 56.00 65.00 NOTE
r-oldrel-macos-arm64 0.1.1 36.00 NOTE
r-oldrel-macos-x86_64 0.1.1 53.00 NOTE
r-oldrel-windows-x86_64 0.1.1 10.00 64.00 74.00 NOTE

Check Details

Version: 0.1.1
Check: Rd files
Result: NOTE checkRd: (-1) refAnnots.Rd:10: Lost braces in \itemize; meant \describe ? checkRd: (-1) refAnnots.Rd:11-12: Lost braces in \itemize; meant \describe ? checkRd: (-1) untreatedAnnots.Rd:10: Lost braces in \itemize; meant \describe ? checkRd: (-1) untreatedAnnots.Rd:11-12: Lost braces in \itemize; meant \describe ? checkRd: (-1) untreatedAnnots.Rd:13-14: Lost braces in \itemize; meant \describe ? Flavors: r-devel-linux-x86_64-debian-clang, r-devel-linux-x86_64-debian-gcc, r-devel-linux-x86_64-fedora-clang, r-devel-linux-x86_64-fedora-gcc, r-devel-windows-x86_64, r-patched-linux-x86_64, r-release-linux-x86_64, r-release-macos-arm64, r-release-windows-x86_64

Version: 0.1.1
Check: installed package size
Result: NOTE installed size is 7.2Mb sub-directories of 1Mb or more: data 7.0Mb Flavors: r-devel-linux-x86_64-fedora-clang, r-devel-windows-x86_64, r-release-macos-arm64, r-release-windows-x86_64, r-oldrel-macos-arm64, r-oldrel-macos-x86_64, r-oldrel-windows-x86_64