Last updated on 2022-06-28 03:51:27 CEST.
Flavor | Version | Tinstall | Tcheck | Ttotal | Status | Flags |
---|---|---|---|---|---|---|
r-devel-linux-x86_64-debian-clang | 0.1.2 | 54.54 | 31.46 | 86.00 | OK | |
r-devel-linux-x86_64-debian-gcc | 0.1.2 | 41.54 | 23.87 | 65.41 | WARN | |
r-devel-linux-x86_64-fedora-clang | 0.1.2 | 127.24 | OK | |||
r-devel-linux-x86_64-fedora-gcc | 0.1.2 | 121.44 | OK | |||
r-devel-windows-x86_64 | 0.1.2 | 51.00 | 76.00 | 127.00 | OK | |
r-patched-linux-x86_64 | 0.1.2 | 39.93 | 31.12 | 71.05 | OK | |
r-release-linux-x86_64 | 0.1.2 | 42.02 | 29.84 | 71.86 | OK | |
r-release-macos-arm64 | 0.1.2 | 31.00 | OK | |||
r-release-macos-x86_64 | 0.1.2 | 40.00 | OK | |||
r-release-windows-x86_64 | 0.1.2 | 52.00 | 78.00 | 130.00 | OK | |
r-oldrel-macos-arm64 | 0.1.2 | 32.00 | OK | |||
r-oldrel-macos-x86_64 | 0.1.2 | 39.00 | OK | |||
r-oldrel-windows-ix86+x86_64 | 0.1.2 | 121.00 | 77.00 | 198.00 | OK |
Version: 0.1.2
Check: whether package can be installed
Result: WARN
Found the following significant warnings:
/usr/include/x86_64-linux-gnu/bits/string_fortified.h:59:33: warning: ‘void* __builtin_memset(void*, int, long unsigned int)’ forming offset [176, 183] is out of the bounds [0, 176] of object ‘nMaxCritMet’ with type ‘arma::rowvec’ {aka ‘arma::Row<double>’} [-Warray-bounds]
Flavor: r-devel-linux-x86_64-debian-gcc