CRAN Package Check Results for Package bliss

Last updated on 2022-05-19 04:50:59 CEST.

Flavor Version Tinstall Tcheck Ttotal Status Flags
r-devel-linux-x86_64-debian-clang 1.0.4 44.57 144.47 189.04 OK
r-devel-linux-x86_64-debian-gcc 1.0.4 40.51 110.49 151.00 OK
r-devel-linux-x86_64-fedora-clang 1.0.4 252.14 NOTE
r-devel-linux-x86_64-fedora-gcc 1.0.4 243.97 NOTE
r-devel-windows-x86_64 1.0.4 57.00 219.00 276.00 NOTE
r-patched-linux-x86_64 1.0.4 41.37 141.10 182.47 OK
r-release-linux-x86_64 1.0.4 40.84 146.64 187.48 OK
r-release-macos-arm64 1.0.4 90.00 NOTE
r-release-macos-x86_64 1.0.4 124.00 NOTE
r-release-windows-x86_64 1.0.4 56.00 240.00 296.00 NOTE
r-oldrel-macos-arm64 1.0.4 91.00 NOTE
r-oldrel-macos-x86_64 1.0.4 140.00 NOTE
r-oldrel-windows-ix86+x86_64 1.0.4 110.00 242.00 352.00 NOTE

Check Details

Version: 1.0.4
Check: installed package size
Result: NOTE
     installed size is 7.1Mb
     sub-directories of 1Mb or more:
     data 3.5Mb
     libs 2.5Mb
Flavors: r-devel-linux-x86_64-fedora-clang, r-devel-windows-x86_64, r-release-macos-arm64, r-release-macos-x86_64, r-release-windows-x86_64, r-oldrel-macos-arm64, r-oldrel-macos-x86_64, r-oldrel-windows-ix86+x86_64

Version: 1.0.4
Check: dependencies in R code
Result: NOTE
    Namespace in Imports field not imported from: ‘RcppArmadillo’
     All declared Imports should be used.
Flavors: r-devel-linux-x86_64-fedora-clang, r-devel-linux-x86_64-fedora-gcc, r-release-macos-arm64, r-release-macos-x86_64, r-oldrel-macos-arm64, r-oldrel-macos-x86_64