Last updated on 2022-06-29 15:49:48 CEST.
Flavor | Version | Tinstall | Tcheck | Ttotal | Status | Flags |
---|---|---|---|---|---|---|
r-devel-linux-x86_64-debian-clang | 0.4-3 | 446.06 | 215.67 | 661.73 | NOTE | |
r-devel-linux-x86_64-debian-gcc | 0.4-3 | 266.49 | 163.60 | 430.09 | NOTE | |
r-devel-linux-x86_64-fedora-clang | 0.4-3 | 827.43 | NOTE | |||
r-devel-linux-x86_64-fedora-gcc | 0.4-3 | 731.33 | NOTE | |||
r-devel-windows-x86_64 | 0.4-3 | 193.00 | 248.00 | 441.00 | NOTE | |
r-patched-linux-x86_64 | 0.4-3 | 0.04 | 3.29 | 3.33 | ERROR | |
r-release-linux-x86_64 | 0.4-3 | 0.02 | 3.52 | 3.54 | ERROR | |
r-release-macos-arm64 | 0.4-3 | 191.00 | NOTE | |||
r-release-macos-x86_64 | 0.4-3 | 264.00 | NOTE | |||
r-release-windows-x86_64 | 0.4-3 | 203.00 | 250.00 | 453.00 | NOTE | |
r-oldrel-macos-arm64 | 0.4-3 | 176.00 | NOTE | |||
r-oldrel-macos-x86_64 | 0.4-3 | 259.00 | NOTE | |||
r-oldrel-windows-ix86+x86_64 | 0.4-3 | 688.00 | 316.00 | 1004.00 | NOTE |
Version: 0.4-3
Check: package dependencies
Result: NOTE
Package suggested but not available for checking: 'cmdstanr'
Flavors: r-devel-linux-x86_64-debian-clang, r-devel-linux-x86_64-debian-gcc, r-devel-linux-x86_64-fedora-clang, r-devel-linux-x86_64-fedora-gcc, r-devel-windows-x86_64, r-patched-linux-x86_64, r-release-linux-x86_64, r-release-macos-arm64, r-release-macos-x86_64, r-release-windows-x86_64, r-oldrel-macos-arm64, r-oldrel-macos-x86_64, r-oldrel-windows-ix86+x86_64
Version: 0.4-3
Check: for GNU extensions in Makefiles
Result: NOTE
GNU make is a SystemRequirements.
Flavors: r-devel-linux-x86_64-debian-clang, r-devel-linux-x86_64-debian-gcc, r-devel-linux-x86_64-fedora-clang, r-devel-linux-x86_64-fedora-gcc, r-devel-windows-x86_64, r-release-macos-arm64, r-release-macos-x86_64, r-release-windows-x86_64, r-oldrel-macos-arm64, r-oldrel-macos-x86_64, r-oldrel-windows-ix86+x86_64
Version: 0.4-3
Check: installed package size
Result: NOTE
installed size is 57.6Mb
sub-directories of 1Mb or more:
R 1.0Mb
libs 55.7Mb
Flavors: r-devel-linux-x86_64-fedora-clang, r-devel-windows-x86_64, r-release-macos-arm64, r-release-macos-x86_64, r-release-windows-x86_64, r-oldrel-macos-arm64, r-oldrel-macos-x86_64, r-oldrel-windows-ix86+x86_64
Version: 0.4-3
Check: whether package can be installed
Result: ERROR
Installation failed.
Flavors: r-patched-linux-x86_64, r-release-linux-x86_64