CRAN Package Check Results for Package bitmexr

Last updated on 2022-07-01 03:53:44 CEST.

Flavor Version Tinstall Tcheck Ttotal Status Flags
r-devel-linux-x86_64-debian-clang 0.3.1 8.47 75.73 84.20 NOTE
r-devel-linux-x86_64-debian-gcc 0.3.1 7.20 57.90 65.10 NOTE
r-devel-linux-x86_64-fedora-clang 0.3.1 110.71 NOTE
r-devel-linux-x86_64-fedora-gcc 0.3.1 107.59 NOTE
r-devel-windows-x86_64 0.3.1 105.00 129.00 234.00 NOTE
r-patched-linux-x86_64 0.3.1 9.05 70.33 79.38 NOTE
r-release-linux-x86_64 0.3.1 6.81 70.79 77.60 NOTE
r-release-macos-arm64 0.3.1 46.00 NOTE
r-release-macos-x86_64 0.3.1 75.00 NOTE
r-release-windows-x86_64 0.3.1 87.00 128.00 215.00 NOTE
r-oldrel-macos-arm64 0.3.1 52.00 NOTE
r-oldrel-macos-x86_64 0.3.1 89.00 NOTE
r-oldrel-windows-ix86+x86_64 0.3.1 18.00 118.00 136.00 NOTE

Check Details

Version: 0.3.1
Check: LazyData
Result: NOTE
     'LazyData' is specified without a 'data' directory
Flavors: r-devel-linux-x86_64-debian-clang, r-devel-linux-x86_64-debian-gcc, r-devel-linux-x86_64-fedora-clang, r-devel-linux-x86_64-fedora-gcc, r-devel-windows-x86_64, r-patched-linux-x86_64, r-release-linux-x86_64, r-release-macos-arm64, r-release-macos-x86_64, r-release-windows-x86_64, r-oldrel-macos-arm64, r-oldrel-macos-x86_64, r-oldrel-windows-ix86+x86_64