Last updated on 2022-05-20 15:52:02 CEST.
Flavor | Version | Tinstall | Tcheck | Ttotal | Status | Flags |
---|---|---|---|---|---|---|
r-devel-linux-x86_64-debian-clang | 0.1.6 | 7.55 | 83.63 | 91.18 | OK | |
r-devel-linux-x86_64-debian-gcc | 0.1.6 | 7.42 | 64.85 | 72.27 | OK | |
r-devel-linux-x86_64-fedora-clang | 0.1.6 | 109.35 | NOTE | |||
r-devel-linux-x86_64-fedora-gcc | 0.1.6 | 106.83 | OK | |||
r-devel-windows-x86_64 | 0.1.6 | 52.00 | 108.00 | 160.00 | NOTE | |
r-patched-linux-x86_64 | 0.1.6 | 14.26 | 81.73 | 95.99 | OK | |
r-release-linux-x86_64 | 0.1.6 | 6.36 | 80.05 | 86.41 | OK | |
r-release-macos-arm64 | 0.1.6 | 35.00 | NOTE | |||
r-release-macos-x86_64 | 0.1.6 | 45.00 | NOTE | |||
r-release-windows-x86_64 | 0.1.6 | 43.00 | 113.00 | 156.00 | NOTE | |
r-oldrel-macos-arm64 | 0.1.6 | 36.00 | NOTE | |||
r-oldrel-macos-x86_64 | 0.1.6 | 48.00 | NOTE | |||
r-oldrel-windows-ix86+x86_64 | 0.1.6 | 22.00 | 95.00 | 117.00 | NOTE |
Version: 0.1.6
Check: installed package size
Result: NOTE
installed size is 6.1Mb
sub-directories of 1Mb or more:
doc 5.5Mb
Flavors: r-devel-linux-x86_64-fedora-clang, r-devel-windows-x86_64, r-release-macos-arm64, r-release-macos-x86_64, r-release-windows-x86_64, r-oldrel-macos-arm64, r-oldrel-macos-x86_64, r-oldrel-windows-ix86+x86_64