Last updated on 2022-05-27 15:51:35 CEST.
Flavor | Version | Tinstall | Tcheck | Ttotal | Status | Flags |
---|---|---|---|---|---|---|
r-devel-linux-x86_64-debian-clang | 3.5.1 | 67.21 | 485.08 | 552.29 | OK | |
r-devel-linux-x86_64-debian-gcc | 3.5.1 | 56.75 | 355.69 | 412.44 | OK | |
r-devel-linux-x86_64-fedora-clang | 3.5.1 | 685.65 | NOTE | |||
r-devel-linux-x86_64-fedora-gcc | 3.5.1 | 640.51 | NOTE | |||
r-devel-windows-x86_64 | 3.5.1 | 134.00 | 482.00 | 616.00 | OK | |
r-patched-linux-x86_64 | 3.5.1 | 67.30 | 461.88 | 529.18 | OK | |
r-release-linux-x86_64 | 3.5.1 | 67.52 | 451.46 | 518.98 | OK | |
r-release-macos-arm64 | 3.5.1 | 146.00 | NOTE | |||
r-release-macos-x86_64 | 3.5.1 | 254.00 | NOTE | |||
r-release-windows-x86_64 | 3.5.1 | 146.00 | 468.00 | 614.00 | OK | |
r-oldrel-macos-arm64 | 3.5.1 | 157.00 | NOTE | |||
r-oldrel-macos-x86_64 | 3.5.1 | 191.00 | NOTE | |||
r-oldrel-windows-ix86+x86_64 | 3.5.1 | 137.00 | 473.00 | 610.00 | OK |
Version: 3.5.1
Check: package dependencies
Result: NOTE
Imports includes 27 non-default packages.
Importing from so many packages makes the package vulnerable to any of
them becoming unavailable. Move as many as possible to Suggests and
use conditionally.
Flavor: r-devel-linux-x86_64-fedora-clang
Version: 3.5.1
Check: dependencies in R code
Result: NOTE
Namespace in Imports field not imported from: ‘doParallel’
All declared Imports should be used.
Flavors: r-devel-linux-x86_64-fedora-clang, r-devel-linux-x86_64-fedora-gcc, r-release-macos-arm64, r-release-macos-x86_64, r-oldrel-macos-arm64, r-oldrel-macos-x86_64