Last updated on 2022-05-21 15:49:50 CEST.
Flavor | Version | Tinstall | Tcheck | Ttotal | Status | Flags |
---|---|---|---|---|---|---|
r-devel-linux-x86_64-debian-clang | 0.2.1 | 17.15 | 165.13 | 182.28 | NOTE | |
r-devel-linux-x86_64-debian-gcc | 0.2.1 | 11.28 | 123.74 | 135.02 | NOTE | |
r-devel-linux-x86_64-fedora-clang | 0.2.1 | 209.37 | NOTE | |||
r-devel-linux-x86_64-fedora-gcc | 0.2.1 | 206.54 | NOTE | |||
r-devel-windows-x86_64 | 0.2.1 | 41.00 | 189.00 | 230.00 | NOTE | |
r-patched-linux-x86_64 | 0.2.1 | 23.27 | 156.63 | 179.90 | NOTE | |
r-release-linux-x86_64 | 0.2.1 | 10.86 | 154.94 | 165.80 | NOTE | |
r-release-macos-arm64 | 0.2.1 | 5.00 | ERROR | |||
r-release-macos-x86_64 | 0.2.1 | 97.00 | NOTE | |||
r-release-windows-x86_64 | 0.2.1 | 40.00 | 195.00 | 235.00 | NOTE | |
r-oldrel-macos-arm64 | 0.2.1 | 6.00 | ERROR | |||
r-oldrel-macos-x86_64 | 0.2.1 | 81.00 | NOTE | |||
r-oldrel-windows-ix86+x86_64 | 0.2.1 | 36.00 | 182.00 | 218.00 | NOTE |
Version: 0.2.1
Check: LazyData
Result: NOTE
'LazyData' is specified without a 'data' directory
Flavors: r-devel-linux-x86_64-debian-clang, r-devel-linux-x86_64-debian-gcc, r-devel-linux-x86_64-fedora-clang, r-devel-linux-x86_64-fedora-gcc, r-devel-windows-x86_64, r-patched-linux-x86_64, r-release-linux-x86_64, r-release-macos-x86_64, r-release-windows-x86_64, r-oldrel-macos-x86_64, r-oldrel-windows-ix86+x86_64
Version: 0.2.1
Check: package dependencies
Result: ERROR
Package required but not available: ‘MEIGOR’
See section ‘The DESCRIPTION file’ in the ‘Writing R Extensions’
manual.
Flavors: r-release-macos-arm64, r-oldrel-macos-arm64