CRAN Package Check Results for Package binman

Last updated on 2022-06-28 03:51:26 CEST.

Flavor Version Tinstall Tcheck Ttotal Status Flags
r-devel-linux-x86_64-debian-clang 0.1.2 3.07 36.49 39.56 NOTE
r-devel-linux-x86_64-debian-gcc 0.1.2 2.59 28.01 30.60 NOTE
r-devel-linux-x86_64-fedora-clang 0.1.2 57.58 NOTE
r-devel-linux-x86_64-fedora-gcc 0.1.2 57.13 NOTE
r-devel-windows-x86_64 0.1.2 18.00 72.00 90.00 NOTE
r-patched-linux-x86_64 0.1.2 3.74 35.02 38.76 NOTE
r-release-linux-x86_64 0.1.2 3.46 35.44 38.90 NOTE
r-release-macos-arm64 0.1.2 22.00 NOTE
r-release-macos-x86_64 0.1.2 30.00 NOTE
r-release-windows-x86_64 0.1.2 15.00 73.00 88.00 NOTE
r-oldrel-macos-arm64 0.1.2 27.00 NOTE
r-oldrel-macos-x86_64 0.1.2 37.00 NOTE
r-oldrel-windows-ix86+x86_64 0.1.2 8.00 60.00 68.00 NOTE

Check Details

Version: 0.1.2
Check: LazyData
Result: NOTE
     'LazyData' is specified without a 'data' directory
Flavors: r-devel-linux-x86_64-debian-clang, r-devel-linux-x86_64-debian-gcc, r-devel-linux-x86_64-fedora-clang, r-devel-linux-x86_64-fedora-gcc, r-devel-windows-x86_64, r-patched-linux-x86_64, r-release-linux-x86_64, r-release-macos-arm64, r-release-macos-x86_64, r-release-windows-x86_64, r-oldrel-macos-arm64, r-oldrel-macos-x86_64, r-oldrel-windows-ix86+x86_64