Last updated on 2022-06-26 15:52:54 CEST.
Flavor | Version | Tinstall | Tcheck | Ttotal | Status | Flags |
---|---|---|---|---|---|---|
r-devel-linux-x86_64-debian-clang | 1.2.4 | 90.31 | 181.57 | 271.88 | NOTE | |
r-devel-linux-x86_64-debian-gcc | 1.2.4 | 73.06 | 127.94 | 201.00 | NOTE | |
r-devel-linux-x86_64-fedora-clang | 1.2.4 | 191.29 | NOTE | |||
r-devel-linux-x86_64-fedora-gcc | 1.2.4 | 331.13 | NOTE | |||
r-devel-windows-x86_64 | 1.2.4 | 146.00 | 201.00 | 347.00 | NOTE | |
r-patched-linux-x86_64 | 1.2.4 | 74.58 | 168.78 | 243.36 | OK | |
r-release-linux-x86_64 | 1.2.4 | 77.22 | 167.58 | 244.80 | OK | |
r-release-macos-arm64 | 1.2.4 | 99.00 | NOTE | |||
r-release-macos-x86_64 | 1.2.4 | 99.00 | NOTE | |||
r-release-windows-x86_64 | 1.2.4 | 139.00 | 205.00 | 344.00 | OK | |
r-oldrel-macos-arm64 | 1.2.4 | 91.00 | NOTE | |||
r-oldrel-macos-x86_64 | 1.2.4 | 104.00 | NOTE | |||
r-oldrel-windows-ix86+x86_64 | 1.2.4 | 186.00 | 249.00 | 435.00 | OK |
Version: 1.2.4
Check: Rd files
Result: NOTE
checkRd: (-1) binGroup2.Rd:293: Escaped LaTeX specials: \&
checkRd: (-1) hivsurv.Rd:30: Escaped LaTeX specials: \&
Flavors: r-devel-linux-x86_64-debian-clang, r-devel-linux-x86_64-debian-gcc, r-devel-linux-x86_64-fedora-clang, r-devel-linux-x86_64-fedora-gcc, r-devel-windows-x86_64
Version: 1.2.4
Check: installed package size
Result: NOTE
installed size is 5.9Mb
sub-directories of 1Mb or more:
libs 4.9Mb
Flavors: r-release-macos-arm64, r-release-macos-x86_64, r-oldrel-macos-arm64, r-oldrel-macos-x86_64