CRAN Package Check Results for Package billboarder

Last updated on 2022-09-25 03:54:25 CEST.

Flavor Version Tinstall Tcheck Ttotal Status Flags
r-devel-linux-x86_64-debian-clang 0.3.1 9.29 104.23 113.52 OK
r-devel-linux-x86_64-debian-gcc 0.3.1 7.60 77.75 85.35 OK
r-devel-linux-x86_64-fedora-clang 0.3.1 144.38 NOTE
r-devel-linux-x86_64-fedora-gcc 0.3.1 150.48 OK
r-devel-windows-x86_64 0.3.1 164.00 173.00 337.00 OK
r-patched-linux-x86_64 0.3.1 8.81 97.22 106.03 OK
r-release-linux-x86_64 0.3.1 7.84 97.33 105.17 OK
r-release-macos-arm64 0.3.1 45.00 NOTE
r-release-macos-x86_64 0.3.1 82.00 NOTE
r-release-windows-x86_64 0.3.1 150.00 167.00 317.00 OK
r-oldrel-macos-arm64 0.3.1 1241.00 NOTE
r-oldrel-macos-x86_64 0.3.1 100.00 NOTE
r-oldrel-windows-ix86+x86_64 0.3.1 22.00 159.00 181.00 OK

Check Details

Version: 0.3.1
Check: installed package size
Result: NOTE
     installed size is 5.2Mb
     sub-directories of 1Mb or more:
     doc 3.5Mb
Flavors: r-devel-linux-x86_64-fedora-clang, r-release-macos-arm64, r-release-macos-x86_64, r-oldrel-macos-arm64, r-oldrel-macos-x86_64