CRAN Package Check Results for Package bigGP

Last updated on 2024-06-15 15:49:02 CEST.

Flavor Version Tinstall Tcheck Ttotal Status Flags
r-devel-linux-x86_64-debian-clang 0.1.8 18.32 45.84 64.16 OK
r-devel-linux-x86_64-debian-gcc 0.1.8 12.82 35.85 48.67 OK
r-devel-linux-x86_64-fedora-clang 0.1.8 84.99 OK
r-devel-linux-x86_64-fedora-gcc 0.1.8 84.82 OK
r-patched-linux-x86_64 0.1.8 16.53 44.88 61.41 OK
r-release-linux-x86_64 0.1.8 13.64 44.06 57.70 OK
r-release-macos-arm64 0.1.8 5.00 ERROR
r-release-macos-x86_64 0.1.8 7.00 ERROR
r-oldrel-macos-arm64 0.1.8 9.00 ERROR
r-oldrel-macos-x86_64 0.1.8 11.00 ERROR

Check Details

Version: 0.1.8
Check: package dependencies
Result: ERROR Package required but not available: ‘Rmpi’ See section ‘The DESCRIPTION file’ in the ‘Writing R Extensions’ manual. Flavors: r-release-macos-arm64, r-release-macos-x86_64, r-oldrel-macos-arm64, r-oldrel-macos-x86_64