Last updated on 2025-01-19 03:49:13 CET.
Flavor | Version | Tinstall | Tcheck | Ttotal | Status | Flags |
---|---|---|---|---|---|---|
r-devel-linux-x86_64-debian-clang | 0.7.2 | 28.82 | 33.63 | 62.45 | NOTE | |
r-devel-linux-x86_64-debian-gcc | 0.7.2 | 19.44 | 25.82 | 45.26 | NOTE | |
r-devel-linux-x86_64-fedora-clang | 0.7.2 | 117.83 | NOTE | |||
r-devel-linux-x86_64-fedora-gcc | 0.7.2 | 126.66 | NOTE | |||
r-devel-windows-x86_64 | 0.7.2 | 33.00 | 74.00 | 107.00 | NOTE | |
r-patched-linux-x86_64 | 0.7.2 | 28.36 | 31.57 | 59.93 | NOTE | |
r-release-linux-x86_64 | 0.7.2 | 28.55 | 31.97 | 60.52 | NOTE | |
r-release-macos-arm64 | 0.7.2 | 35.00 | NOTE | |||
r-release-macos-x86_64 | 0.7.2 | 84.00 | NOTE | |||
r-release-windows-x86_64 | 0.7.2 | 30.00 | 74.00 | 104.00 | NOTE | |
r-oldrel-macos-arm64 | 0.7.2 | 42.00 | NOTE | |||
r-oldrel-macos-x86_64 | 0.7.2 | 64.00 | NOTE | |||
r-oldrel-windows-x86_64 | 0.7.2 | 36.00 | 82.00 | 118.00 | NOTE |
Version: 0.7.2
Check: C++ specification
Result: NOTE
Specified C++11: please drop specification unless essential
Flavors: r-devel-linux-x86_64-debian-clang, r-devel-linux-x86_64-debian-gcc, r-devel-linux-x86_64-fedora-clang, r-devel-linux-x86_64-fedora-gcc, r-devel-windows-x86_64, r-patched-linux-x86_64, r-release-linux-x86_64, r-release-macos-arm64, r-release-macos-x86_64, r-release-windows-x86_64, r-oldrel-macos-arm64, r-oldrel-macos-x86_64, r-oldrel-windows-x86_64