Last updated on 2022-05-26 03:53:04 CEST.
Flavor | Version | Tinstall | Tcheck | Ttotal | Status | Flags |
---|---|---|---|---|---|---|
r-devel-linux-x86_64-debian-clang | 1.0.7 | 343.41 | 101.59 | 445.00 | OK | |
r-devel-linux-x86_64-debian-gcc | 1.0.7 | 350.97 | 101.97 | 452.94 | OK | |
r-devel-linux-x86_64-fedora-clang | 1.0.7 | 654.52 | NOTE | |||
r-devel-linux-x86_64-fedora-gcc | 1.0.7 | 740.44 | OK | |||
r-devel-windows-x86_64 | 1.0.7 | 258.00 | 167.00 | 425.00 | OK | |
r-patched-linux-x86_64 | 1.0.7 | 392.69 | 129.88 | 522.57 | OK | |
r-release-linux-x86_64 | 1.0.7 | OK | ||||
r-release-macos-arm64 | 1.0.7 | 154.00 | NOTE | |||
r-release-macos-x86_64 | 1.0.7 | 197.00 | NOTE | |||
r-release-windows-x86_64 | 1.0.7 | 259.00 | 167.00 | 426.00 | OK | |
r-oldrel-macos-arm64 | 1.0.7 | 157.00 | NOTE | |||
r-oldrel-macos-x86_64 | 1.0.7 | 269.00 | NOTE | |||
r-oldrel-windows-ix86+x86_64 | 1.0.7 | 974.00 | 202.00 | 1176.00 | NOTE |
Version: 1.0.7
Check: installed package size
Result: NOTE
installed size is 59.7Mb
sub-directories of 1Mb or more:
data 2.7Mb
libs 56.4Mb
Flavors: r-devel-linux-x86_64-fedora-clang, r-release-macos-arm64, r-release-macos-x86_64, r-oldrel-macos-arm64, r-oldrel-macos-x86_64, r-oldrel-windows-ix86+x86_64