CRAN Package Check Results for Package behavr

Last updated on 2022-08-17 15:49:47 CEST.

Flavor Version Tinstall Tcheck Ttotal Status Flags
r-devel-linux-x86_64-debian-clang 0.3.2 3.86 61.12 64.98 NOTE
r-devel-linux-x86_64-debian-gcc 0.3.2 NOTE
r-devel-linux-x86_64-fedora-clang 0.3.2 76.23 NOTE
r-devel-linux-x86_64-fedora-gcc 0.3.2 67.94 NOTE
r-devel-windows-x86_64 0.3.2 17.00 67.00 84.00 NOTE
r-patched-linux-x86_64 0.3.2 3.66 48.08 51.74 NOTE
r-release-linux-x86_64 0.3.2 3.39 47.29 50.68 NOTE
r-release-macos-arm64 0.3.2 22.00 NOTE
r-release-macos-x86_64 0.3.2 35.00 NOTE
r-release-windows-x86_64 0.3.2 20.00 83.00 103.00 NOTE
r-oldrel-macos-arm64 0.3.2 30.00 NOTE
r-oldrel-macos-x86_64 0.3.2 50.00 NOTE
r-oldrel-windows-ix86+x86_64 0.3.2 7.00 63.00 70.00 NOTE

Check Details

Version: 0.3.2
Check: LazyData
Result: NOTE
     'LazyData' is specified without a 'data' directory
Flavors: r-devel-linux-x86_64-debian-clang, r-devel-linux-x86_64-debian-gcc, r-devel-linux-x86_64-fedora-clang, r-devel-linux-x86_64-fedora-gcc, r-devel-windows-x86_64, r-patched-linux-x86_64, r-release-linux-x86_64, r-release-macos-arm64, r-release-macos-x86_64, r-release-windows-x86_64, r-oldrel-macos-arm64, r-oldrel-macos-x86_64, r-oldrel-windows-ix86+x86_64