Last updated on 2022-08-17 15:49:47 CEST.
Flavor | Version | Tinstall | Tcheck | Ttotal | Status | Flags |
---|---|---|---|---|---|---|
r-devel-linux-x86_64-debian-clang | 0.5.4 | 9.01 | 70.42 | 79.43 | OK | |
r-devel-linux-x86_64-debian-gcc | 0.5.4 | OK | ||||
r-devel-linux-x86_64-fedora-clang | 0.5.4 | 105.60 | NOTE | |||
r-devel-linux-x86_64-fedora-gcc | 0.5.4 | 98.74 | NOTE | |||
r-devel-windows-x86_64 | 0.5.4 | 15.00 | 86.00 | 101.00 | NOTE | |
r-patched-linux-x86_64 | 0.5.4 | 9.95 | 64.92 | 74.87 | OK | |
r-release-linux-x86_64 | 0.5.4 | 8.02 | 64.12 | 72.14 | OK | |
r-release-macos-arm64 | 0.5.4 | 28.00 | NOTE | |||
r-release-macos-x86_64 | 0.5.4 | 55.00 | NOTE | |||
r-release-windows-x86_64 | 0.5.4 | 16.00 | 89.00 | 105.00 | NOTE | |
r-oldrel-macos-arm64 | 0.5.4 | 38.00 | NOTE | |||
r-oldrel-macos-x86_64 | 0.5.4 | 58.00 | NOTE | |||
r-oldrel-windows-ix86+x86_64 | 0.5.4 | 19.00 | 95.00 | 114.00 | OK |
Version: 0.5.4
Check: dependencies in R code
Result: NOTE
Namespaces in Imports field not imported from:
‘knitr’ ‘rlang’
All declared Imports should be used.
Flavors: r-devel-linux-x86_64-fedora-clang, r-devel-linux-x86_64-fedora-gcc, r-release-macos-arm64, r-release-macos-x86_64, r-oldrel-macos-arm64, r-oldrel-macos-x86_64
Version: 0.5.4
Check: package dependencies
Result: NOTE
Package suggested but not available for checking: 'BRugs'
Flavors: r-devel-windows-x86_64, r-release-macos-arm64, r-release-windows-x86_64, r-oldrel-macos-x86_64
Version: 0.5.4
Check: package dependencies
Result: NOTE
Packages suggested but not available for checking: 'BRugs', 'rjags'
Flavors: r-release-macos-x86_64, r-oldrel-macos-arm64