Last updated on 2022-06-26 03:49:55 CEST.
Flavor | Version | Tinstall | Tcheck | Ttotal | Status | Flags |
---|---|---|---|---|---|---|
r-devel-linux-x86_64-debian-clang | 0.11.1 | 7.33 | 90.98 | 98.31 | NOTE | |
r-devel-linux-x86_64-debian-gcc | 0.11.1 | 7.29 | 70.49 | 77.78 | NOTE | |
r-devel-linux-x86_64-fedora-clang | 0.11.1 | 141.66 | NOTE | |||
r-devel-linux-x86_64-fedora-gcc | 0.11.1 | 134.63 | NOTE | |||
r-devel-windows-x86_64 | 0.11.1 | 21.00 | 125.00 | 146.00 | NOTE | |
r-patched-linux-x86_64 | 0.11.1 | 6.37 | 88.36 | 94.73 | NOTE | |
r-release-linux-x86_64 | 0.11.1 | 5.57 | 87.45 | 93.02 | NOTE | |
r-release-macos-arm64 | 0.11.1 | 38.00 | NOTE | |||
r-release-macos-x86_64 | 0.11.1 | 55.00 | NOTE | |||
r-release-windows-x86_64 | 0.11.1 | 18.00 | 131.00 | 149.00 | NOTE | |
r-oldrel-macos-arm64 | 0.11.1 | 214.00 | NOTE | |||
r-oldrel-macos-x86_64 | 0.11.1 | 54.00 | NOTE | |||
r-oldrel-windows-ix86+x86_64 | 0.11.1 | 24.00 | 145.00 | 169.00 | NOTE |
Version: 0.11.1
Check: package dependencies
Result: NOTE
Packages suggested but not available for checking:
'kBET', 'lisi', 'dlfUtils'
Flavors: r-devel-linux-x86_64-debian-clang, r-devel-linux-x86_64-debian-gcc, r-devel-linux-x86_64-fedora-clang, r-devel-linux-x86_64-fedora-gcc, r-devel-windows-x86_64, r-patched-linux-x86_64, r-release-linux-x86_64, r-release-macos-arm64, r-release-macos-x86_64, r-release-windows-x86_64, r-oldrel-macos-arm64, r-oldrel-macos-x86_64, r-oldrel-windows-ix86+x86_64
Version: 0.11.1
Check: dependencies in R code
Result: NOTE
Namespace in Imports field not imported from: ‘splatter’
All declared Imports should be used.
Flavors: r-devel-linux-x86_64-fedora-clang, r-devel-linux-x86_64-fedora-gcc, r-release-macos-arm64, r-release-macos-x86_64, r-oldrel-macos-arm64, r-oldrel-macos-x86_64