Last updated on 2022-06-26 03:49:55 CEST.
Flavor | Version | Tinstall | Tcheck | Ttotal | Status | Flags |
---|---|---|---|---|---|---|
r-devel-linux-x86_64-debian-clang | 1.0-5 | 41.02 | 100.99 | 142.01 | OK | |
r-devel-linux-x86_64-debian-gcc | 1.0-5 | 35.18 | 78.51 | 113.69 | OK | |
r-devel-linux-x86_64-fedora-clang | 1.0-5 | 192.77 | OK | |||
r-devel-linux-x86_64-fedora-gcc | 1.0-5 | 179.57 | OK | |||
r-devel-windows-x86_64 | 1.0-5 | 68.00 | 147.00 | 215.00 | OK | |
r-patched-linux-x86_64 | 1.0-5 | 40.55 | 97.80 | 138.35 | OK | |
r-release-linux-x86_64 | 1.0-5 | 38.75 | 95.95 | 134.70 | OK | |
r-release-macos-arm64 | 1.0-5 | 69.00 | NOTE | |||
r-release-macos-x86_64 | 1.0-5 | 82.00 | NOTE | |||
r-release-windows-x86_64 | 1.0-5 | 49.00 | 150.00 | 199.00 | OK | |
r-oldrel-macos-arm64 | 1.0-5 | 48.00 | NOTE | |||
r-oldrel-macos-x86_64 | 1.0-5 | 50.00 | NOTE | |||
r-oldrel-windows-ix86+x86_64 | 1.0-5 | 108.00 | 158.00 | 266.00 | OK |
Version: 1.0-5
Check: package dependencies
Result: NOTE
Package suggested but not available for checking: ‘webshot2’
Flavors: r-release-macos-arm64, r-release-macos-x86_64, r-oldrel-macos-arm64, r-oldrel-macos-x86_64