CRAN Package Check Results for Package bbl

Last updated on 2022-05-25 15:50:28 CEST.

Flavor Version Tinstall Tcheck Ttotal Status Flags
r-devel-linux-x86_64-debian-clang 1.0.0 39.49 230.17 269.66 OK
r-devel-linux-x86_64-debian-gcc 1.0.0 37.21 187.17 224.38 OK
r-devel-linux-x86_64-fedora-clang 1.0.0 369.99 OK
r-devel-linux-x86_64-fedora-gcc 1.0.0 343.63 OK
r-devel-windows-x86_64 1.0.0 52.00 418.00 470.00 OK
r-patched-linux-x86_64 1.0.0 36.15 224.20 260.35 OK
r-release-linux-x86_64 1.0.0 OK
r-release-macos-arm64 1.0.0 403.00 NOTE
r-release-macos-x86_64 1.0.0 325.00 NOTE
r-release-windows-x86_64 1.0.0 54.00 424.00 478.00 OK
r-oldrel-macos-arm64 1.0.0 223.00 NOTE
r-oldrel-macos-x86_64 1.0.0 322.00 NOTE
r-oldrel-windows-ix86+x86_64 1.0.0 114.00 388.00 502.00 NOTE

Check Details

Version: 1.0.0
Check: package dependencies
Result: NOTE
    Package suggested but not available for checking: ‘Biostrings’
Flavor: r-release-macos-arm64

Version: 1.0.0
Check: installed package size
Result: NOTE
     installed size is 6.3Mb
     sub-directories of 1Mb or more:
     extdata 2.3Mb
     libs 3.5Mb
Flavors: r-release-macos-arm64, r-release-macos-x86_64, r-oldrel-macos-arm64, r-oldrel-macos-x86_64, r-oldrel-windows-ix86+x86_64