Last updated on 2022-05-19 04:50:58 CEST.
Flavor | Version | Tinstall | Tcheck | Ttotal | Status | Flags |
---|---|---|---|---|---|---|
r-devel-linux-x86_64-debian-clang | 0.1.0 | 17.88 | 152.40 | 170.28 | OK | |
r-devel-linux-x86_64-debian-gcc | 0.1.0 | 14.77 | 113.49 | 128.26 | OK | |
r-devel-linux-x86_64-fedora-clang | 0.1.0 | 205.34 | NOTE | |||
r-devel-linux-x86_64-fedora-gcc | 0.1.0 | 196.84 | NOTE | |||
r-devel-windows-x86_64 | 0.1.0 | 57.00 | 157.00 | 214.00 | OK | |
r-patched-linux-x86_64 | 0.1.0 | 14.59 | 141.87 | 156.46 | OK | |
r-release-linux-x86_64 | 0.1.0 | 13.31 | 145.19 | 158.50 | OK | |
r-release-macos-arm64 | 0.1.0 | 53.00 | NOTE | |||
r-release-macos-x86_64 | 0.1.0 | 88.00 | NOTE | |||
r-release-windows-x86_64 | 0.1.0 | 41.00 | 160.00 | 201.00 | OK | |
r-oldrel-macos-arm64 | 0.1.0 | 64.00 | NOTE | |||
r-oldrel-macos-x86_64 | 0.1.0 | 70.00 | NOTE | |||
r-oldrel-windows-ix86+x86_64 | 0.1.0 | 39.00 | 160.00 | 199.00 | OK |
Version: 0.1.0
Check: dependencies in R code
Result: NOTE
Namespaces in Imports field not imported from:
‘ggfortify’ ‘ggplot2’ ‘matrixStats’ ‘reshape2’ ‘scales’
All declared Imports should be used.
Flavors: r-devel-linux-x86_64-fedora-clang, r-devel-linux-x86_64-fedora-gcc, r-release-macos-arm64, r-release-macos-x86_64, r-oldrel-macos-arm64, r-oldrel-macos-x86_64