Last updated on 2022-05-18 03:53:32 CEST.
Flavor | Version | Tinstall | Tcheck | Ttotal | Status | Flags |
---|---|---|---|---|---|---|
r-devel-linux-x86_64-debian-clang | 0.0.2 | 17.27 | 269.36 | 286.63 | OK | |
r-devel-linux-x86_64-debian-gcc | 0.0.2 | 14.22 | 193.83 | 208.05 | OK | |
r-devel-linux-x86_64-fedora-clang | 0.0.2 | 344.14 | NOTE | |||
r-devel-linux-x86_64-fedora-gcc | 0.0.2 | 342.01 | NOTE | |||
r-devel-windows-x86_64 | 0.0.2 | 60.00 | 290.00 | 350.00 | OK | |
r-patched-linux-x86_64 | 0.0.2 | 17.75 | 259.97 | 277.72 | OK | |
r-release-linux-x86_64 | 0.0.2 | 17.11 | 255.32 | 272.43 | OK | |
r-release-macos-arm64 | 0.0.2 | 91.00 | NOTE | |||
r-release-macos-x86_64 | 0.0.2 | 158.00 | NOTE | |||
r-release-windows-x86_64 | 0.0.2 | 75.00 | 303.00 | 378.00 | OK | |
r-oldrel-macos-arm64 | 0.0.2 | 98.00 | NOTE | |||
r-oldrel-macos-x86_64 | 0.0.2 | 124.00 | NOTE | |||
r-oldrel-windows-ix86+x86_64 | 0.0.2 | 40.00 | 289.00 | 329.00 | OK |
Version: 0.0.2
Check: data for non-ASCII characters
Result: NOTE
Note: found 1924 marked UTF-8 strings
Flavors: r-devel-linux-x86_64-fedora-clang, r-devel-linux-x86_64-fedora-gcc, r-release-macos-arm64, r-release-macos-x86_64, r-oldrel-macos-arm64, r-oldrel-macos-x86_64