CRAN Package Check Results for Package bayesm

Last updated on 2024-07-20 15:48:38 CEST.

Flavor Version Tinstall Tcheck Ttotal Status Flags
r-devel-linux-x86_64-debian-clang 3.1-6 563.19 535.45 1098.64 OK
r-devel-linux-x86_64-debian-gcc 3.1-6 358.40 336.46 694.86 OK
r-devel-linux-x86_64-fedora-clang 3.1-6 1755.96 NOTE
r-devel-linux-x86_64-fedora-gcc 3.1-6 1796.11 OK
r-devel-windows-x86_64 3.1-6 430.00 421.00 851.00 NOTE
r-patched-linux-x86_64 3.1-6 567.89 400.71 968.60 OK
r-release-linux-x86_64 3.1-6 565.68 441.84 1007.52 OK
r-release-macos-arm64 3.1-6 314.00 NOTE
r-release-macos-x86_64 3.1-6 340.00 NOTE
r-release-windows-x86_64 3.1-6 523.00 416.00 939.00 NOTE
r-oldrel-macos-arm64 3.1-6 338.00 NOTE
r-oldrel-macos-x86_64 3.1-6 594.00 NOTE
r-oldrel-windows-x86_64 3.1-6 642.00 505.00 1147.00 NOTE

Check Details

Version: 3.1-6
Check: installed package size
Result: NOTE installed size is 5.9Mb sub-directories of 1Mb or more: doc 2.9Mb libs 1.4Mb Flavors: r-devel-linux-x86_64-fedora-clang, r-devel-windows-x86_64, r-release-macos-arm64, r-release-macos-x86_64, r-release-windows-x86_64, r-oldrel-macos-arm64, r-oldrel-macos-x86_64, r-oldrel-windows-x86_64