Last updated on 2025-06-22 15:50:13 CEST.
Flavor | Version | Tinstall | Tcheck | Ttotal | Status | Flags |
---|---|---|---|---|---|---|
r-devel-linux-x86_64-debian-clang | 0.1.5 | 76.89 | 157.02 | 233.91 | OK | |
r-devel-linux-x86_64-debian-gcc | 0.1.5 | 53.23 | 103.61 | 156.84 | OK | |
r-devel-linux-x86_64-fedora-clang | 0.1.5 | 401.96 | OK | |||
r-devel-linux-x86_64-fedora-gcc | 0.1.5 | 381.78 | OK | |||
r-devel-windows-x86_64 | 0.1.5 | 83.00 | 225.00 | 308.00 | OK | |
r-patched-linux-x86_64 | 0.1.5 | 75.82 | 135.44 | 211.26 | OK | |
r-release-linux-x86_64 | 0.1.5 | 76.42 | 135.56 | 211.98 | OK | |
r-release-macos-arm64 | 0.1.5 | 116.00 | OK | |||
r-release-macos-x86_64 | 0.1.5 | 227.00 | OK | |||
r-release-windows-x86_64 | 0.1.5 | 84.00 | 226.00 | 310.00 | OK | |
r-oldrel-macos-arm64 | 0.1.5 | 244.00 | NOTE | |||
r-oldrel-macos-x86_64 | 0.1.5 | 323.00 | NOTE | |||
r-oldrel-windows-x86_64 | 0.1.5 | 95.00 | 272.00 | 367.00 | OK |
Version: 0.1.5
Check: installed package size
Result: NOTE
installed size is 7.2Mb
sub-directories of 1Mb or more:
libs 6.6Mb
Flavors: r-oldrel-macos-arm64, r-oldrel-macos-x86_64