CRAN Package Check Results for Package bayesSurv

Last updated on 2022-06-25 03:50:52 CEST.

Flavor Version Tinstall Tcheck Ttotal Status Flags
r-devel-linux-x86_64-debian-clang 3.4 109.16 123.23 232.39 NOTE
r-devel-linux-x86_64-debian-gcc 3.4 103.01 90.46 193.47 NOTE
r-devel-linux-x86_64-fedora-clang 3.4 399.69 NOTE
r-devel-linux-x86_64-fedora-gcc 3.4 318.18 NOTE
r-devel-windows-x86_64 3.4 195.00 163.00 358.00 NOTE
r-patched-linux-x86_64 3.4 118.84 113.35 232.19 OK
r-release-linux-x86_64 3.4 114.79 114.19 228.98 OK
r-release-macos-arm64 3.4 85.00 NOTE
r-release-macos-x86_64 3.4 111.00 NOTE
r-release-windows-x86_64 3.4 183.00 161.00 344.00 OK
r-oldrel-macos-arm64 3.4 83.00 NOTE
r-oldrel-macos-x86_64 3.4 118.00 NOTE
r-oldrel-windows-ix86+x86_64 3.4 308.00 182.00 490.00 OK

Check Details

Version: 3.4
Check: Rd files
Result: NOTE
    checkRd: (-1) bayesBisurvreg.Rd:383: Escaped LaTeX specials: \_
    checkRd: (-1) bayesBisurvreg.Rd:392: Escaped LaTeX specials: \_
    checkRd: (-1) bayesBisurvreg.Rd:403: Escaped LaTeX specials: \_
    checkRd: (-1) bayesBisurvreg.Rd:461: Escaped LaTeX specials: \_
    checkRd: (-1) bayesBisurvreg.Rd:474: Escaped LaTeX specials: \_
    checkRd: (-1) bayesBisurvreg.Rd:487: Escaped LaTeX specials: \_
    checkRd: (-1) bayesBisurvreg.Rd:499: Escaped LaTeX specials: \_
    checkRd: (-1) bayesBisurvreg.Rd:508: Escaped LaTeX specials: \_
    checkRd: (-1) bayesBisurvreg.Rd:516: Escaped LaTeX specials: \_
    checkRd: (-1) bayesBisurvreg.Rd:573: Escaped LaTeX specials: \_
    checkRd: (-1) bayessurvreg2.Rd:460: Escaped LaTeX specials: \_
    checkRd: (-1) bayessurvreg2.Rd:469: Escaped LaTeX specials: \_
    checkRd: (-1) bayessurvreg2.Rd:479: Escaped LaTeX specials: \_
    checkRd: (-1) bayessurvreg2.Rd:515: Escaped LaTeX specials: \_
    checkRd: (-1) bayessurvreg2.Rd:527: Escaped LaTeX specials: \_
    checkRd: (-1) bayessurvreg2.Rd:540: Escaped LaTeX specials: \_
    checkRd: (-1) bayessurvreg2.Rd:551: Escaped LaTeX specials: \_
    checkRd: (-1) bayessurvreg2.Rd:563: Escaped LaTeX specials: \_
    checkRd: (-1) bayessurvreg2.Rd:577: Escaped LaTeX specials: \_
    checkRd: (-1) bayessurvreg2.Rd:588: Escaped LaTeX specials: \_
    checkRd: (-1) bayessurvreg2.Rd:597: Escaped LaTeX specials: \_
    checkRd: (-1) bayessurvreg2.Rd:649: Escaped LaTeX specials: \_
    checkRd: (-1) bayessurvreg3.Rd:699: Escaped LaTeX specials: \_
    checkRd: (-1) bayessurvreg3.Rd:705: Escaped LaTeX specials: \_
    checkRd: (-1) bayessurvreg3.Rd:711: Escaped LaTeX specials: \_
    checkRd: (-1) bayessurvreg3.Rd:723: Escaped LaTeX specials: \_
    checkRd: (-1) bayessurvreg3.Rd:729: Escaped LaTeX specials: \_
    checkRd: (-1) bayessurvreg3.Rd:735: Escaped LaTeX specials: \_
    checkRd: (-1) bayessurvreg3.Rd:750: Escaped LaTeX specials: \_
    checkRd: (-1) bayessurvreg3.Rd:756: Escaped LaTeX specials: \_
    checkRd: (-1) bayessurvreg3.Rd:762: Escaped LaTeX specials: \_
    checkRd: (-1) bayessurvreg3.Rd:800: Escaped LaTeX specials: \_
    checkRd: (-1) bayessurvreg3.Rd:806: Escaped LaTeX specials: \_
    checkRd: (-1) bayessurvreg3.Rd:812: Escaped LaTeX specials: \_
    checkRd: (-1) bayessurvreg3.Rd:828: Escaped LaTeX specials: \_
    checkRd: (-1) bayessurvreg3.Rd:836: Escaped LaTeX specials: \_
    checkRd: (-1) bayessurvreg3.Rd:844: Escaped LaTeX specials: \_
    checkRd: (-1) bayessurvreg3.Rd:863: Escaped LaTeX specials: \_
    checkRd: (-1) bayessurvreg3.Rd:871: Escaped LaTeX specials: \_
    checkRd: (-1) bayessurvreg3.Rd:879: Escaped LaTeX specials: \_
    checkRd: (-1) bayessurvreg3.Rd:895: Escaped LaTeX specials: \_
    checkRd: (-1) bayessurvreg3.Rd:901: Escaped LaTeX specials: \_
    checkRd: (-1) bayessurvreg3.Rd:907: Escaped LaTeX specials: \_
    checkRd: (-1) bayessurvreg3.Rd:922: Escaped LaTeX specials: \_
    checkRd: (-1) bayessurvreg3.Rd:933: Escaped LaTeX specials: \_
    checkRd: (-1) bayessurvreg3.Rd:944: Escaped LaTeX specials: \_
    checkRd: (-1) bayessurvreg3.Rd:999: Escaped LaTeX specials: \_
    checkRd: (-1) bayessurvreg3.Rd:1030: Escaped LaTeX specials: \_
    checkRd: (-1) bayessurvreg3.Rd:1034: Escaped LaTeX specials: \_
    checkRd: (-1) scanFN.Rd:49: Escaped LaTeX specials: \&
Flavors: r-devel-linux-x86_64-debian-clang, r-devel-linux-x86_64-debian-gcc, r-devel-linux-x86_64-fedora-clang, r-devel-linux-x86_64-fedora-gcc, r-devel-windows-x86_64

Version: 3.4
Check: installed package size
Result: NOTE
     installed size is 5.2Mb
     sub-directories of 1Mb or more:
     libs 4.0Mb
Flavors: r-devel-linux-x86_64-fedora-clang, r-release-macos-arm64, r-release-macos-x86_64, r-oldrel-macos-arm64, r-oldrel-macos-x86_64

Version: 3.4
Check: Rd cross-references
Result: NOTE
    Undeclared package ‘mvtnorm’ in Rd xrefs
Flavor: r-devel-linux-x86_64-fedora-clang