CRAN Package Check Results for Package bahc

Last updated on 2022-06-28 03:51:26 CEST.

Flavor Version Tinstall Tcheck Ttotal Status Flags
r-devel-linux-x86_64-debian-clang 0.3.0 2.23 23.48 25.71 NOTE
r-devel-linux-x86_64-debian-gcc 0.3.0 1.54 18.29 19.83 NOTE
r-devel-linux-x86_64-fedora-clang 0.3.0 42.18 NOTE
r-devel-linux-x86_64-fedora-gcc 0.3.0 40.85 NOTE
r-devel-windows-x86_64 0.3.0 10.00 63.00 73.00 NOTE
r-patched-linux-x86_64 0.3.0 2.08 22.23 24.31 NOTE
r-release-linux-x86_64 0.3.0 1.98 22.48 24.46 NOTE
r-release-macos-arm64 0.3.0 17.00 NOTE
r-release-macos-x86_64 0.3.0 21.00 NOTE
r-release-windows-x86_64 0.3.0 10.00 54.00 64.00 NOTE
r-oldrel-macos-arm64 0.3.0 21.00 NOTE
r-oldrel-macos-x86_64 0.3.0 27.00 NOTE
r-oldrel-windows-ix86+x86_64 0.3.0 5.00 40.00 45.00 NOTE

Check Details

Version: 0.3.0
Check: LazyData
Result: NOTE
     'LazyData' is specified without a 'data' directory
Flavors: r-devel-linux-x86_64-debian-clang, r-devel-linux-x86_64-debian-gcc, r-devel-linux-x86_64-fedora-clang, r-devel-linux-x86_64-fedora-gcc, r-devel-windows-x86_64, r-patched-linux-x86_64, r-release-linux-x86_64, r-release-macos-arm64, r-release-macos-x86_64, r-release-windows-x86_64, r-oldrel-macos-arm64, r-oldrel-macos-x86_64, r-oldrel-windows-ix86+x86_64