CRAN Package Check Results for Package baggr

Last updated on 2022-09-25 15:56:37 CEST.

Flavor Version Tinstall Tcheck Ttotal Status Flags
r-devel-linux-x86_64-debian-clang 0.6.21 601.68 310.74 912.42 NOTE
r-devel-linux-x86_64-debian-gcc 0.6.21 572.68 248.61 821.29 NOTE
r-devel-linux-x86_64-fedora-clang 0.6.21 1084.80 NOTE
r-devel-linux-x86_64-fedora-gcc 0.6.21 1389.62 NOTE
r-devel-windows-x86_64 0.6.21 420.00 418.00 838.00 NOTE
r-patched-linux-x86_64 0.6.21 489.88 331.89 821.77 NOTE
r-release-linux-x86_64 0.6.21 426.10 331.43 757.53 NOTE
r-release-macos-arm64 0.6.21 327.00 NOTE
r-release-macos-x86_64 0.6.21 524.00 NOTE
r-release-windows-x86_64 0.6.21 381.00 415.00 796.00 NOTE
r-oldrel-macos-arm64 0.6.21 340.00 NOTE
r-oldrel-macos-x86_64 0.6.21 394.00 NOTE
r-oldrel-windows-ix86+x86_64 0.6.21 1322.00 635.00 1957.00 NOTE

Check Details

Version: 0.6.21
Check: for GNU extensions in Makefiles
Result: NOTE
    GNU make is a SystemRequirements.
Flavors: r-devel-linux-x86_64-debian-clang, r-devel-linux-x86_64-debian-gcc, r-devel-linux-x86_64-fedora-clang, r-devel-linux-x86_64-fedora-gcc, r-devel-windows-x86_64, r-patched-linux-x86_64, r-release-linux-x86_64, r-release-macos-arm64, r-release-macos-x86_64, r-release-windows-x86_64, r-oldrel-macos-arm64, r-oldrel-macos-x86_64, r-oldrel-windows-ix86+x86_64

Version: 0.6.21
Check: installed package size
Result: NOTE
     installed size is 7.9Mb
     sub-directories of 1Mb or more:
     libs 6.1Mb
Flavors: r-devel-linux-x86_64-fedora-clang, r-devel-windows-x86_64, r-release-macos-arm64, r-release-macos-x86_64, r-release-windows-x86_64, r-oldrel-macos-arm64, r-oldrel-macos-x86_64, r-oldrel-windows-ix86+x86_64