Last updated on 2022-05-19 15:53:12 CEST.
Flavor | Version | Tinstall | Tcheck | Ttotal | Status | Flags |
---|---|---|---|---|---|---|
r-devel-linux-x86_64-debian-clang | 0.1.4.3 | 8.44 | 166.34 | 174.78 | OK | |
r-devel-linux-x86_64-debian-gcc | 0.1.4.3 | 6.54 | 118.30 | 124.84 | OK | |
r-devel-linux-x86_64-fedora-clang | 0.1.4.3 | 203.35 | NOTE | |||
r-devel-linux-x86_64-fedora-gcc | 0.1.4.3 | 193.64 | OK | |||
r-devel-windows-x86_64 | 0.1.4.3 | 34.00 | 193.00 | 227.00 | OK | |
r-patched-linux-x86_64 | 0.1.4.3 | 7.15 | 153.66 | 160.81 | OK | |
r-release-linux-x86_64 | 0.1.4.3 | 9.11 | 154.66 | 163.77 | OK | |
r-release-macos-arm64 | 0.1.4.3 | 69.00 | NOTE | |||
r-release-macos-x86_64 | 0.1.4.3 | 76.00 | OK | |||
r-release-windows-x86_64 | 0.1.4.3 | 33.00 | 190.00 | 223.00 | OK | |
r-oldrel-macos-arm64 | 0.1.4.3 | 82.00 | NOTE | |||
r-oldrel-macos-x86_64 | 0.1.4.3 | 116.00 | OK | |||
r-oldrel-windows-ix86+x86_64 | 0.1.4.3 | 24.00 | 265.00 | 289.00 | OK |
Version: 0.1.4.3
Check: Rd cross-references
Result: NOTE
Undeclared packages ‘InvariantCausalPrediction’, ‘CompareCausalNetworks’ in Rd xrefs
Flavor: r-devel-linux-x86_64-fedora-clang
Version: 0.1.4.3
Check: package dependencies
Result: NOTE
Package suggested but not available for checking: ‘pcalg’
Flavors: r-release-macos-arm64, r-oldrel-macos-arm64
Version: 0.1.4.3
Check: Rd cross-references
Result: NOTE
Package unavailable to check Rd xrefs: ‘pcalg’
Flavors: r-release-macos-arm64, r-oldrel-macos-arm64