CRAN Package Check Results for Package babynames

Last updated on 2022-06-27 15:53:38 CEST.

Flavor Version Tinstall Tcheck Ttotal Status Flags
r-devel-linux-x86_64-debian-clang 1.0.1 41.13 56.00 97.13 OK
r-devel-linux-x86_64-debian-gcc 1.0.1 38.10 42.53 80.63 OK
r-devel-linux-x86_64-fedora-clang 1.0.1 136.93 NOTE
r-devel-linux-x86_64-fedora-gcc 1.0.1 133.87 OK
r-devel-windows-x86_64 1.0.1 44.00 77.00 121.00 NOTE
r-patched-linux-x86_64 1.0.1 41.11 52.93 94.04 OK
r-release-linux-x86_64 1.0.1 40.16 53.62 93.78 OK
r-release-macos-arm64 1.0.1 53.00 NOTE
r-release-macos-x86_64 1.0.1 61.00 NOTE
r-release-windows-x86_64 1.0.1 40.00 88.00 128.00 NOTE
r-oldrel-macos-arm64 1.0.1 73.00 NOTE
r-oldrel-macos-x86_64 1.0.1 70.00 NOTE
r-oldrel-windows-ix86+x86_64 1.0.1 61.00 74.00 135.00 NOTE

Check Details

Version: 1.0.1
Check: installed package size
Result: NOTE
     installed size is 5.4Mb
     sub-directories of 1Mb or more:
     data 5.3Mb
Flavors: r-devel-linux-x86_64-fedora-clang, r-devel-windows-x86_64, r-release-macos-arm64, r-release-macos-x86_64, r-release-windows-x86_64, r-oldrel-macos-arm64, r-oldrel-macos-x86_64, r-oldrel-windows-ix86+x86_64