Last updated on 2022-05-20 15:52:00 CEST.
Flavor | Version | Tinstall | Tcheck | Ttotal | Status | Flags |
---|---|---|---|---|---|---|
r-devel-linux-x86_64-debian-clang | 1.0.12 | 7.25 | 91.63 | 98.88 | NOTE | |
r-devel-linux-x86_64-debian-gcc | 1.0.12 | 7.48 | 70.85 | 78.33 | NOTE | |
r-devel-linux-x86_64-fedora-clang | 1.0.12 | 125.31 | NOTE | |||
r-devel-linux-x86_64-fedora-gcc | 1.0.12 | 129.64 | NOTE | |||
r-devel-windows-x86_64 | 1.0.12 | 20.00 | 100.00 | 120.00 | NOTE | |
r-patched-linux-x86_64 | 1.0.12 | 9.84 | 86.74 | 96.58 | NOTE | |
r-release-linux-x86_64 | 1.0.12 | 8.65 | 89.22 | 97.87 | NOTE | |
r-release-macos-arm64 | 1.0.12 | 33.00 | NOTE | |||
r-release-macos-x86_64 | 1.0.12 | 50.00 | NOTE | |||
r-release-windows-x86_64 | 1.0.12 | 26.00 | 106.00 | 132.00 | NOTE | |
r-oldrel-macos-arm64 | 1.0.12 | 43.00 | NOTE | |||
r-oldrel-macos-x86_64 | 1.0.12 | 66.00 | NOTE | |||
r-oldrel-windows-ix86+x86_64 | 1.0.12 | 21.00 | 109.00 | 130.00 | NOTE |
Version: 1.0.12
Check: LazyData
Result: NOTE
'LazyData' is specified without a 'data' directory
Flavors: r-devel-linux-x86_64-debian-clang, r-devel-linux-x86_64-debian-gcc, r-devel-linux-x86_64-fedora-clang, r-devel-linux-x86_64-fedora-gcc, r-devel-windows-x86_64, r-patched-linux-x86_64, r-release-linux-x86_64, r-release-macos-arm64, r-release-macos-x86_64, r-release-windows-x86_64, r-oldrel-macos-arm64, r-oldrel-macos-x86_64, r-oldrel-windows-ix86+x86_64
Version: 1.0.12
Check: Rd cross-references
Result: NOTE
Undeclared package ‘tensorflow’ in Rd xrefs
Flavor: r-devel-linux-x86_64-fedora-clang