Last updated on 2022-05-26 03:53:03 CEST.
Flavor | Version | Tinstall | Tcheck | Ttotal | Status | Flags |
---|---|---|---|---|---|---|
r-devel-linux-x86_64-debian-clang | 0.1.0 | 14.33 | 118.54 | 132.87 | OK | |
r-devel-linux-x86_64-debian-gcc | 0.1.0 | 12.89 | 89.62 | 102.51 | OK | |
r-devel-linux-x86_64-fedora-clang | 0.1.0 | 167.40 | NOTE | |||
r-devel-linux-x86_64-fedora-gcc | 0.1.0 | 155.25 | NOTE | |||
r-devel-windows-x86_64 | 0.1.0 | 92.00 | 128.00 | 220.00 | OK | |
r-patched-linux-x86_64 | 0.1.0 | 12.50 | 111.58 | 124.08 | OK | |
r-release-linux-x86_64 | 0.1.0 | OK | ||||
r-release-macos-arm64 | 0.1.0 | 44.00 | NOTE | |||
r-release-macos-x86_64 | 0.1.0 | 77.00 | NOTE | |||
r-release-windows-x86_64 | 0.1.0 | 116.00 | 133.00 | 249.00 | OK | |
r-oldrel-macos-arm64 | 0.1.0 | 52.00 | NOTE | |||
r-oldrel-macos-x86_64 | 0.1.0 | 85.00 | NOTE | |||
r-oldrel-windows-ix86+x86_64 | 0.1.0 | 35.00 | 126.00 | 161.00 | OK |
Version: 0.1.0
Check: dependencies in R code
Result: NOTE
Namespace in Imports field not imported from: ‘abind’
All declared Imports should be used.
Flavors: r-devel-linux-x86_64-fedora-clang, r-devel-linux-x86_64-fedora-gcc, r-release-macos-arm64, r-release-macos-x86_64, r-oldrel-macos-arm64, r-oldrel-macos-x86_64