Last updated on 2022-06-29 03:52:33 CEST.
Flavor | Version | Tinstall | Tcheck | Ttotal | Status | Flags |
---|---|---|---|---|---|---|
r-devel-linux-x86_64-debian-clang | 1.2.7 | 13.43 | 275.26 | 288.69 | OK | |
r-devel-linux-x86_64-debian-gcc | 1.2.7 | 11.93 | 199.20 | 211.13 | OK | |
r-devel-linux-x86_64-fedora-clang | 1.2.7 | 366.00 | WARN | |||
r-devel-linux-x86_64-fedora-gcc | 1.2.7 | 379.23 | WARN | |||
r-devel-windows-x86_64 | 1.2.7 | 34.00 | 461.00 | 495.00 | OK | |
r-patched-linux-x86_64 | 1.2.7 | 15.37 | 261.15 | 276.52 | OK | |
r-release-linux-x86_64 | 1.2.7 | 16.37 | 265.89 | 282.26 | OK | |
r-release-macos-arm64 | 1.2.7 | 121.00 | OK | |||
r-release-macos-x86_64 | 1.2.7 | 162.00 | OK | |||
r-release-windows-x86_64 | 1.2.7 | 33.00 | 456.00 | 489.00 | OK | |
r-oldrel-macos-arm64 | 1.2.7 | 158.00 | OK | |||
r-oldrel-macos-x86_64 | 1.2.7 | 162.00 | OK | |||
r-oldrel-windows-ix86+x86_64 | 1.2.7 | 45.00 | 462.00 | 507.00 | OK |
Version: 1.2.7
Check: package dependencies
Result: WARN
Requires orphaned package: ‘gtools’
Flavors: r-devel-linux-x86_64-fedora-clang, r-devel-linux-x86_64-fedora-gcc