CRAN Package Check Results for Package aurelius

Last updated on 2022-01-24 15:54:04 CET.

Flavor Version Tinstall Tcheck Ttotal Status Flags
r-devel-linux-x86_64-debian-clang 0.8.4 9.44 119.69 129.13 NOTE
r-devel-linux-x86_64-debian-gcc 0.8.4 10.16 88.92 99.08 NOTE
r-devel-linux-x86_64-fedora-clang 0.8.4 160.44 NOTE
r-devel-linux-x86_64-fedora-gcc 0.8.4 169.38 NOTE
r-devel-windows-x86_64-new-UL 0.8.4 123.00 160.00 283.00 NOTE
r-devel-windows-x86_64-new-TK 0.8.4 NOTE
r-patched-linux-x86_64 0.8.4 13.30 114.77 128.07 NOTE
r-release-linux-x86_64 0.8.4 11.93 116.33 128.26 NOTE
r-release-macos-arm64 0.8.4 NOTE
r-release-macos-x86_64 0.8.4 NOTE
r-release-windows-ix86+x86_64 0.8.4 23.00 150.00 173.00 NOTE
r-oldrel-macos-x86_64 0.8.4 NOTE
r-oldrel-windows-ix86+x86_64 0.8.4 22.00 150.00 172.00 NOTE

Check Details

Version: 0.8.4
Check: package dependencies
Result: NOTE
    Package which this enhances but not available for checking: 'rPython'
Flavors: r-devel-linux-x86_64-debian-clang, r-devel-linux-x86_64-debian-gcc, r-devel-linux-x86_64-fedora-clang, r-devel-linux-x86_64-fedora-gcc, r-devel-windows-x86_64-new-UL, r-devel-windows-x86_64-new-TK, r-patched-linux-x86_64, r-release-linux-x86_64, r-release-macos-arm64, r-release-macos-x86_64, r-release-windows-ix86+x86_64, r-oldrel-macos-x86_64, r-oldrel-windows-ix86+x86_64

Version: 0.8.4
Check: LazyData
Result: NOTE
     'LazyData' is specified without a 'data' directory
Flavors: r-devel-linux-x86_64-debian-clang, r-devel-linux-x86_64-debian-gcc, r-devel-linux-x86_64-fedora-clang, r-devel-linux-x86_64-fedora-gcc, r-devel-windows-x86_64-new-UL, r-devel-windows-x86_64-new-TK, r-patched-linux-x86_64, r-release-linux-x86_64, r-release-macos-arm64, r-release-macos-x86_64, r-release-windows-ix86+x86_64